{"id":10991,"date":"2025-09-30T18:43:15","date_gmt":"2025-09-30T21:43:15","guid":{"rendered":"https:\/\/pueyrredonmotos.com\/honda\/?post_type=product&#038;p=10991"},"modified":"2025-09-30T18:43:17","modified_gmt":"2025-09-30T21:43:17","slug":"cultivador-para-cuatriciclos-genesis-cu1200","status":"publish","type":"product","link":"https:\/\/pueyrredonmotos.com\/honda\/producto\/cultivador-para-cuatriciclos-genesis-cu1200\/","title":{"rendered":"Cultivador para cuatriciclos Genesis CU1200"},"content":{"rendered":"<h3>Descripci\u00f3n<\/h3>\n<p>Nuestro cultivador se caracteriza por trabajar f\u00e1cilmente con su cuatriciclo, veh\u00edculo todo terreno, utilitario o mini tractor corta c\u00e9sped. El cultivador y sus numerosos accesorios disponibles tienen una multitud de aplicaciones que le dan trabajo todo el a\u00f1o. Desde la jardiner\u00eda y el paisajismo a la plantaci\u00f3n intensiva o mantenimiento de espacios verdes. El equipo cultivador viene provisto con arcos tipo \u00abS\u00bb de alta resistencia y rejas acordes para el trabajo duro, adem\u00e1s mediante su sistema de actuador el\u00e9ctrico (opcional) puede regular f\u00e1cilmente la profundidad de trabajo accionando un interruptor que est\u00e1 montado en el veh\u00edculo tractor. Su chasis est\u00e1 construido en tubo estructural cuadrado de alta resistencia y acabado con pintura poliuret\u00e1nica, que le otorgan una larga vida \u00fatil. El cultivador se acopla f\u00e1cilmente a su veh\u00edculo todo terreno o tractores, mediante enganche a bolita est\u00e1ndar y se puede utilizar con numerosos accesorios opcionales.<\/p>\n<p><strong>Material<\/strong>: Chasis fabricado en ca\u00f1o estructural cuadrado de acero.<br \/>\n<strong>Pintura<\/strong>: Sint\u00e9tica L\u00ednea Agr\u00edcola de alta resistencia<br \/>\n<strong>Ancho de trabajo<\/strong>: 1.200 mm (1.500 mm con extensiones)<br \/>\n<strong>Profundidad de trabajo<\/strong>: 150 mm<br \/>\n<strong>Arcos<\/strong>: 7 arcos tipo \u00abS\u00bb ajustables con rejas de 7\u2033 o p\u00faas extraibles (en 3 filas)<br \/>\n<strong>Ruedas<\/strong>: 400\u00d790 montadas sobre rodamientos sellados<br \/>\n<strong>Dimensiones del producto<\/strong>: Largo 2200 mm x Ancho 1200 mm x Alto 750mm<br \/>\n<strong>Peso del producto<\/strong>: 136 kg<\/p>\n<p>Otros detalles:<\/p>\n<ul>\n<li>Lanza ajustable con enganche a perno o acople r\u00e1pido a bolita<\/li>\n<li>Sistema el\u00e9ctrico de levante para 12V Opcional (Comando a distancia y cableado)<\/li>\n<li>Rastra de dientes extraibles<\/li>\n<li>R\u00e1pida y f\u00e1cil operaci\u00f3n ya que se regula la profundidad de trabajo o posici\u00f3n de transporte desde un solo punto.<\/li>\n<\/ul>\n","protected":false},"excerpt":{"rendered":"<p><strong>Cultivador para Cuatriciclos Genesis CU1200<\/strong><\/p>\n<p>El Genesis CU1200 es un cultivador robusto y vers\u00e1til para cuatriciclos, UTV y minitractores. Con chasis de acero estructural, 7 arcos tipo \u201cS\u201d y ancho de trabajo de 1,2 m (extensible a 1,5 m), permite preparar suelos de forma r\u00e1pida y eficiente en huertas, quintas y espacios verdes.<\/p>\n","protected":false},"featured_media":10993,"template":"","meta":[],"product_brand":[],"product_cat":[36],"product_tag":[196,311],"class_list":{"0":"post-10991","1":"product","2":"type-product","3":"status-publish","4":"has-post-thumbnail","6":"product_cat-accesorios","7":"product_tag-atv","8":"product_tag-cultivador","10":"first","11":"instock","12":"shipping-taxable","13":"purchasable","14":"product-type-simple"},"yoast_head":"<!-- This site is optimized with the Yoast SEO Premium plugin v21.2 (Yoast SEO v27.3) - https:\/\/yoast.com\/product\/yoast-seo-premium-wordpress\/ -->\n<title>Cultivador para cuatriciclos Genesis CU1200 - Pueyrred\u00f3n Motos<\/title>\n<meta name=\"robots\" content=\"index, follow, max-snippet:-1, max-image-preview:large, max-video-preview:-1\" \/>\n<link rel=\"canonical\" href=\"https:\/\/pueyrredonmotos.com\/honda\/producto\/cultivador-para-cuatriciclos-genesis-cu1200\/\" \/>\n<meta property=\"og:locale\" content=\"es_ES\" \/>\n<meta property=\"og:type\" content=\"article\" \/>\n<meta property=\"og:title\" content=\"Cultivador para cuatriciclos Genesis CU1200\" \/>\n<meta property=\"og:description\" content=\"Cultivador para Cuatriciclos Genesis CU1200  El Genesis CU1200 es un cultivador robusto y vers\u00e1til para cuatriciclos, UTV y minitractores. Con chasis de acero estructural, 7 arcos tipo \u201cS\u201d y ancho de trabajo de 1,2 m (extensible a 1,5 m), permite preparar suelos de forma r\u00e1pida y eficiente en huertas, quintas y espacios verdes.\" \/>\n<meta property=\"og:url\" content=\"https:\/\/pueyrredonmotos.com\/honda\/producto\/cultivador-para-cuatriciclos-genesis-cu1200\/\" \/>\n<meta property=\"og:site_name\" content=\"Pueyrred\u00f3n Motos\" \/>\n<meta property=\"article:publisher\" content=\"https:\/\/www.facebook.com\/pueyrredonmotos.honda\" \/>\n<meta property=\"article:modified_time\" content=\"2025-09-30T21:43:17+00:00\" \/>\n<meta property=\"og:image\" content=\"https:\/\/pueyrredonmotos.com\/honda\/wp-content\/uploads\/2025\/09\/CU1200-1.jpg\" \/>\n\t<meta property=\"og:image:width\" content=\"500\" \/>\n\t<meta property=\"og:image:height\" content=\"500\" \/>\n\t<meta property=\"og:image:type\" content=\"image\/jpeg\" \/>\n<meta name=\"twitter:card\" content=\"summary_large_image\" \/>\n<meta name=\"twitter:label1\" content=\"Tiempo de lectura\" \/>\n\t<meta name=\"twitter:data1\" content=\"2 minutos\" \/>\n<script type=\"application\/ld+json\" class=\"yoast-schema-graph\">{\"@context\":\"https:\\\/\\\/schema.org\",\"@graph\":[{\"@type\":\"WebPage\",\"@id\":\"https:\\\/\\\/pueyrredonmotos.com\\\/honda\\\/producto\\\/cultivador-para-cuatriciclos-genesis-cu1200\\\/\",\"url\":\"https:\\\/\\\/pueyrredonmotos.com\\\/honda\\\/producto\\\/cultivador-para-cuatriciclos-genesis-cu1200\\\/\",\"name\":\"Cultivador para cuatriciclos Genesis CU1200 - Pueyrred\u00f3n Motos\",\"isPartOf\":{\"@id\":\"https:\\\/\\\/pueyrredonmotos.com\\\/honda\\\/#website\"},\"primaryImageOfPage\":{\"@id\":\"https:\\\/\\\/pueyrredonmotos.com\\\/honda\\\/producto\\\/cultivador-para-cuatriciclos-genesis-cu1200\\\/#primaryimage\"},\"image\":{\"@id\":\"https:\\\/\\\/pueyrredonmotos.com\\\/honda\\\/producto\\\/cultivador-para-cuatriciclos-genesis-cu1200\\\/#primaryimage\"},\"thumbnailUrl\":\"https:\\\/\\\/pueyrredonmotos.com\\\/honda\\\/wp-content\\\/uploads\\\/2025\\\/09\\\/CU1200-1.jpg\",\"datePublished\":\"2025-09-30T21:43:15+00:00\",\"dateModified\":\"2025-09-30T21:43:17+00:00\",\"breadcrumb\":{\"@id\":\"https:\\\/\\\/pueyrredonmotos.com\\\/honda\\\/producto\\\/cultivador-para-cuatriciclos-genesis-cu1200\\\/#breadcrumb\"},\"inLanguage\":\"es\",\"potentialAction\":[{\"@type\":\"ReadAction\",\"target\":[\"https:\\\/\\\/pueyrredonmotos.com\\\/honda\\\/producto\\\/cultivador-para-cuatriciclos-genesis-cu1200\\\/\"]}]},{\"@type\":\"ImageObject\",\"inLanguage\":\"es\",\"@id\":\"https:\\\/\\\/pueyrredonmotos.com\\\/honda\\\/producto\\\/cultivador-para-cuatriciclos-genesis-cu1200\\\/#primaryimage\",\"url\":\"https:\\\/\\\/pueyrredonmotos.com\\\/honda\\\/wp-content\\\/uploads\\\/2025\\\/09\\\/CU1200-1.jpg\",\"contentUrl\":\"https:\\\/\\\/pueyrredonmotos.com\\\/honda\\\/wp-content\\\/uploads\\\/2025\\\/09\\\/CU1200-1.jpg\",\"width\":500,\"height\":500},{\"@type\":\"BreadcrumbList\",\"@id\":\"https:\\\/\\\/pueyrredonmotos.com\\\/honda\\\/producto\\\/cultivador-para-cuatriciclos-genesis-cu1200\\\/#breadcrumb\",\"itemListElement\":[{\"@type\":\"ListItem\",\"position\":1,\"name\":\"Home\",\"item\":\"https:\\\/\\\/pueyrredonmotos.com\\\/honda\\\/\"},{\"@type\":\"ListItem\",\"position\":2,\"name\":\"Cat\u00e1logo\",\"item\":\"https:\\\/\\\/pueyrredonmotos.com\\\/honda\\\/catalogo\\\/\"},{\"@type\":\"ListItem\",\"position\":3,\"name\":\"Cultivador para cuatriciclos Genesis CU1200\"}]},{\"@type\":\"WebSite\",\"@id\":\"https:\\\/\\\/pueyrredonmotos.com\\\/honda\\\/#website\",\"url\":\"https:\\\/\\\/pueyrredonmotos.com\\\/honda\\\/\",\"name\":\"Pueyrred\u00f3n Motos\",\"description\":\"Concesionario Oficial Honda\",\"publisher\":{\"@id\":\"https:\\\/\\\/pueyrredonmotos.com\\\/honda\\\/#organization\"},\"potentialAction\":[{\"@type\":\"SearchAction\",\"target\":{\"@type\":\"EntryPoint\",\"urlTemplate\":\"https:\\\/\\\/pueyrredonmotos.com\\\/honda\\\/?s={search_term_string}\"},\"query-input\":{\"@type\":\"PropertyValueSpecification\",\"valueRequired\":true,\"valueName\":\"search_term_string\"}}],\"inLanguage\":\"es\"},{\"@type\":\"Organization\",\"@id\":\"https:\\\/\\\/pueyrredonmotos.com\\\/honda\\\/#organization\",\"name\":\"Pueyrred\u00f3n Motos\",\"url\":\"https:\\\/\\\/pueyrredonmotos.com\\\/honda\\\/\",\"logo\":{\"@type\":\"ImageObject\",\"inLanguage\":\"es\",\"@id\":\"https:\\\/\\\/pueyrredonmotos.com\\\/honda\\\/#\\\/schema\\\/logo\\\/image\\\/\",\"url\":\"https:\\\/\\\/pueyrredonmotos.com\\\/honda\\\/wp-content\\\/uploads\\\/2023\\\/09\\\/logo-180-66.png\",\"contentUrl\":\"https:\\\/\\\/pueyrredonmotos.com\\\/honda\\\/wp-content\\\/uploads\\\/2023\\\/09\\\/logo-180-66.png\",\"width\":180,\"height\":66,\"caption\":\"Pueyrred\u00f3n Motos\"},\"image\":{\"@id\":\"https:\\\/\\\/pueyrredonmotos.com\\\/honda\\\/#\\\/schema\\\/logo\\\/image\\\/\"},\"sameAs\":[\"https:\\\/\\\/www.facebook.com\\\/pueyrredonmotos.honda\",\"https:\\\/\\\/www.instagram.com\\\/pueyrredonmotos.honda\\\/\"]}]}<\/script>\n<!-- \/ Yoast SEO Premium plugin. -->","yoast_head_json":{"title":"Cultivador para cuatriciclos Genesis CU1200 - Pueyrred\u00f3n Motos","robots":{"index":"index","follow":"follow","max-snippet":"max-snippet:-1","max-image-preview":"max-image-preview:large","max-video-preview":"max-video-preview:-1"},"canonical":"https:\/\/pueyrredonmotos.com\/honda\/producto\/cultivador-para-cuatriciclos-genesis-cu1200\/","og_locale":"es_ES","og_type":"article","og_title":"Cultivador para cuatriciclos Genesis CU1200","og_description":"Cultivador para Cuatriciclos Genesis CU1200  El Genesis CU1200 es un cultivador robusto y vers\u00e1til para cuatriciclos, UTV y minitractores. Con chasis de acero estructural, 7 arcos tipo \u201cS\u201d y ancho de trabajo de 1,2 m (extensible a 1,5 m), permite preparar suelos de forma r\u00e1pida y eficiente en huertas, quintas y espacios verdes.","og_url":"https:\/\/pueyrredonmotos.com\/honda\/producto\/cultivador-para-cuatriciclos-genesis-cu1200\/","og_site_name":"Pueyrred\u00f3n Motos","article_publisher":"https:\/\/www.facebook.com\/pueyrredonmotos.honda","article_modified_time":"2025-09-30T21:43:17+00:00","og_image":[{"width":500,"height":500,"url":"https:\/\/pueyrredonmotos.com\/honda\/wp-content\/uploads\/2025\/09\/CU1200-1.jpg","type":"image\/jpeg"}],"twitter_card":"summary_large_image","twitter_misc":{"Tiempo de lectura":"2 minutos"},"schema":{"@context":"https:\/\/schema.org","@graph":[{"@type":"WebPage","@id":"https:\/\/pueyrredonmotos.com\/honda\/producto\/cultivador-para-cuatriciclos-genesis-cu1200\/","url":"https:\/\/pueyrredonmotos.com\/honda\/producto\/cultivador-para-cuatriciclos-genesis-cu1200\/","name":"Cultivador para cuatriciclos Genesis CU1200 - Pueyrred\u00f3n Motos","isPartOf":{"@id":"https:\/\/pueyrredonmotos.com\/honda\/#website"},"primaryImageOfPage":{"@id":"https:\/\/pueyrredonmotos.com\/honda\/producto\/cultivador-para-cuatriciclos-genesis-cu1200\/#primaryimage"},"image":{"@id":"https:\/\/pueyrredonmotos.com\/honda\/producto\/cultivador-para-cuatriciclos-genesis-cu1200\/#primaryimage"},"thumbnailUrl":"https:\/\/pueyrredonmotos.com\/honda\/wp-content\/uploads\/2025\/09\/CU1200-1.jpg","datePublished":"2025-09-30T21:43:15+00:00","dateModified":"2025-09-30T21:43:17+00:00","breadcrumb":{"@id":"https:\/\/pueyrredonmotos.com\/honda\/producto\/cultivador-para-cuatriciclos-genesis-cu1200\/#breadcrumb"},"inLanguage":"es","potentialAction":[{"@type":"ReadAction","target":["https:\/\/pueyrredonmotos.com\/honda\/producto\/cultivador-para-cuatriciclos-genesis-cu1200\/"]}]},{"@type":"ImageObject","inLanguage":"es","@id":"https:\/\/pueyrredonmotos.com\/honda\/producto\/cultivador-para-cuatriciclos-genesis-cu1200\/#primaryimage","url":"https:\/\/pueyrredonmotos.com\/honda\/wp-content\/uploads\/2025\/09\/CU1200-1.jpg","contentUrl":"https:\/\/pueyrredonmotos.com\/honda\/wp-content\/uploads\/2025\/09\/CU1200-1.jpg","width":500,"height":500},{"@type":"BreadcrumbList","@id":"https:\/\/pueyrredonmotos.com\/honda\/producto\/cultivador-para-cuatriciclos-genesis-cu1200\/#breadcrumb","itemListElement":[{"@type":"ListItem","position":1,"name":"Home","item":"https:\/\/pueyrredonmotos.com\/honda\/"},{"@type":"ListItem","position":2,"name":"Cat\u00e1logo","item":"https:\/\/pueyrredonmotos.com\/honda\/catalogo\/"},{"@type":"ListItem","position":3,"name":"Cultivador para cuatriciclos Genesis CU1200"}]},{"@type":"WebSite","@id":"https:\/\/pueyrredonmotos.com\/honda\/#website","url":"https:\/\/pueyrredonmotos.com\/honda\/","name":"Pueyrred\u00f3n Motos","description":"Concesionario Oficial Honda","publisher":{"@id":"https:\/\/pueyrredonmotos.com\/honda\/#organization"},"potentialAction":[{"@type":"SearchAction","target":{"@type":"EntryPoint","urlTemplate":"https:\/\/pueyrredonmotos.com\/honda\/?s={search_term_string}"},"query-input":{"@type":"PropertyValueSpecification","valueRequired":true,"valueName":"search_term_string"}}],"inLanguage":"es"},{"@type":"Organization","@id":"https:\/\/pueyrredonmotos.com\/honda\/#organization","name":"Pueyrred\u00f3n Motos","url":"https:\/\/pueyrredonmotos.com\/honda\/","logo":{"@type":"ImageObject","inLanguage":"es","@id":"https:\/\/pueyrredonmotos.com\/honda\/#\/schema\/logo\/image\/","url":"https:\/\/pueyrredonmotos.com\/honda\/wp-content\/uploads\/2023\/09\/logo-180-66.png","contentUrl":"https:\/\/pueyrredonmotos.com\/honda\/wp-content\/uploads\/2023\/09\/logo-180-66.png","width":180,"height":66,"caption":"Pueyrred\u00f3n Motos"},"image":{"@id":"https:\/\/pueyrredonmotos.com\/honda\/#\/schema\/logo\/image\/"},"sameAs":["https:\/\/www.facebook.com\/pueyrredonmotos.honda","https:\/\/www.instagram.com\/pueyrredonmotos.honda\/"]}]}},"_links":{"self":[{"href":"https:\/\/pueyrredonmotos.com\/honda\/wp-json\/wp\/v2\/product\/10991","targetHints":{"allow":["GET"]}}],"collection":[{"href":"https:\/\/pueyrredonmotos.com\/honda\/wp-json\/wp\/v2\/product"}],"about":[{"href":"https:\/\/pueyrredonmotos.com\/honda\/wp-json\/wp\/v2\/types\/product"}],"wp:featuredmedia":[{"embeddable":true,"href":"https:\/\/pueyrredonmotos.com\/honda\/wp-json\/wp\/v2\/media\/10993"}],"wp:attachment":[{"href":"https:\/\/pueyrredonmotos.com\/honda\/wp-json\/wp\/v2\/media?parent=10991"}],"wp:term":[{"taxonomy":"product_brand","embeddable":true,"href":"https:\/\/pueyrredonmotos.com\/honda\/wp-json\/wp\/v2\/product_brand?post=10991"},{"taxonomy":"product_cat","embeddable":true,"href":"https:\/\/pueyrredonmotos.com\/honda\/wp-json\/wp\/v2\/product_cat?post=10991"},{"taxonomy":"product_tag","embeddable":true,"href":"https:\/\/pueyrredonmotos.com\/honda\/wp-json\/wp\/v2\/product_tag?post=10991"}],"curies":[{"name":"wp","href":"https:\/\/api.w.org\/{rel}","templated":true}]}}