{"id":10980,"date":"2025-09-30T18:19:38","date_gmt":"2025-09-30T21:19:38","guid":{"rendered":"https:\/\/pueyrredonmotos.com\/honda\/?post_type=product&#038;p=10980"},"modified":"2025-09-30T18:19:39","modified_gmt":"2025-09-30T21:19:39","slug":"barredora-recolectora-genesis-br1500","status":"publish","type":"product","link":"https:\/\/pueyrredonmotos.com\/honda\/producto\/barredora-recolectora-genesis-br1500\/","title":{"rendered":"Barredora Recolectora Genesis BR1500"},"content":{"rendered":"<h3>Descripci\u00f3n<\/h3>\n<p>La barredora recolectora Genesis Br1200 es un limpiador de potreros f\u00e1cil de usar, la herramienta perfecta para mantener los potreros libres de excrementos de caballo, pero tambi\u00e9n es excelente para limpiar, recoger la hierba muerta, hojas, astillas o hierba cortada. Los cepillos\/cerdas de barrido tienen un efecto de limpieza en la superficie del c\u00e9sped, manteniendo el c\u00e9sped fresco y saludable.<br \/>\nLa barredora recolectora Genesis Br1500 es una herramienta de remolque que se instala en un ATV, UTV o cualquier otro veh\u00edculo con enganche tipo bola estandar, hace que la limpieza de grandes \u00e1reas como potreros, estacionamientos o parques sea r\u00e1pida y f\u00e1cil. La barredora funciona con un eficiente motor SHIMURA de 6.5 hp y la escoba giratoria est\u00e1 equipada con cepillos\/cerdas de polipropileno muy duraderos, dise\u00f1ados para funcionar en todo tipo de condiciones de limpieza. La tolva enrollable de gran capacidad recoge hasta 0,95 m3 de material (carga m\u00e1xima de 240 kg) y es muy f\u00e1cil de vaciar con la ayuda del malacate, despu\u00e9s de lo cual la tolva bien equilibrada vuelve autom\u00e1ticamente a una posici\u00f3n de trabajo. El rastrillo de dientes de resorte de altura ajustable ayuda a aflojar previamente y extender los excrementos endurecidos\/secos, etc. antes de la recolecci\u00f3n por los cepillos para garantizar un mayor resultado de limpieza. La altura de trabajo de los cepillos se ajusta manualmente de forma predeterminada, pero el ajustador de altura de trabajo el\u00e9ctrico tambi\u00e9n est\u00e1 disponible como opci\u00f3n, lo que permite ajustes c\u00f3modos al operar la herramienta sin abandonar el asiento. La barredora recolectora Genesis Br1200 es un producto ideal para propietarios privados de caballos y granjas de animales peque\u00f1os y zool\u00f3gicos, centros ecuestres, escuelas de equitaci\u00f3n, as\u00ed como para el mantenimiento de \u00e1reas p\u00fablicas (parques, calles de la ciudad, etc.) y empresas de gesti\u00f3n de instalaciones.<\/p>\n<p>Tama\u00f1o: 3000X2080X1110mm<br \/>\nPeso: 405kg<br \/>\nAncho de trabajo: 1.50m<br \/>\nEficiencia de trabajo 1500-1800M2 \/ H<br \/>\nPotencia del motor 6.5HP<br \/>\nCapacidad de la tolva: 920 litros<br \/>\nMalacate manual para vaciar la tolva<br \/>\nAplicaci\u00f3n: recolecci\u00f3n de esti\u00e9rcol de caballo, mantenimiento de potrero, recolecci\u00f3n de hojas.<\/p>\n<p>&nbsp;<\/p>\n","protected":false},"excerpt":{"rendered":"<p><strong>Barredora Recolectora Genesis BR1500<\/strong><\/p>\n<p>Barredora de arrastre para ATV o UTV equipada con motor SHIMURA 6.5HP. Ideal para potreros, parques y \u00e1reas p\u00fablicas. Recolecta esti\u00e9rcol, hojas y restos con cepillos de polipropileno de alta resistencia y tolva de 920 L f\u00e1cil de vaciar mediante malacate.<\/p>\n","protected":false},"featured_media":10981,"template":"","meta":[],"product_brand":[],"product_cat":[36],"product_tag":[196,309],"class_list":{"0":"post-10980","1":"product","2":"type-product","3":"status-publish","4":"has-post-thumbnail","6":"product_cat-accesorios","7":"product_tag-atv","8":"product_tag-barredoras","10":"first","11":"instock","12":"shipping-taxable","13":"purchasable","14":"product-type-simple"},"yoast_head":"<!-- This site is optimized with the Yoast SEO Premium plugin v21.2 (Yoast SEO v27.3) - https:\/\/yoast.com\/product\/yoast-seo-premium-wordpress\/ -->\n<title>Barredora Recolectora Genesis BR1500 - Pueyrred\u00f3n Motos<\/title>\n<meta name=\"robots\" content=\"index, follow, max-snippet:-1, max-image-preview:large, max-video-preview:-1\" \/>\n<link rel=\"canonical\" href=\"https:\/\/pueyrredonmotos.com\/honda\/producto\/barredora-recolectora-genesis-br1500\/\" \/>\n<meta property=\"og:locale\" content=\"es_ES\" \/>\n<meta property=\"og:type\" content=\"article\" \/>\n<meta property=\"og:title\" content=\"Barredora Recolectora Genesis BR1500\" \/>\n<meta property=\"og:description\" content=\"Barredora Recolectora Genesis BR1500  Barredora de arrastre para ATV o UTV equipada con motor SHIMURA 6.5HP. Ideal para potreros, parques y \u00e1reas p\u00fablicas. Recolecta esti\u00e9rcol, hojas y restos con cepillos de polipropileno de alta resistencia y tolva de 920 L f\u00e1cil de vaciar mediante malacate.\" \/>\n<meta property=\"og:url\" content=\"https:\/\/pueyrredonmotos.com\/honda\/producto\/barredora-recolectora-genesis-br1500\/\" \/>\n<meta property=\"og:site_name\" content=\"Pueyrred\u00f3n Motos\" \/>\n<meta property=\"article:publisher\" content=\"https:\/\/www.facebook.com\/pueyrredonmotos.honda\" \/>\n<meta property=\"article:modified_time\" content=\"2025-09-30T21:19:39+00:00\" \/>\n<meta property=\"og:image\" content=\"https:\/\/pueyrredonmotos.com\/honda\/wp-content\/uploads\/2025\/09\/BR1200-1.jpg\" \/>\n\t<meta property=\"og:image:width\" content=\"500\" \/>\n\t<meta property=\"og:image:height\" content=\"500\" \/>\n\t<meta property=\"og:image:type\" content=\"image\/jpeg\" \/>\n<meta name=\"twitter:card\" content=\"summary_large_image\" \/>\n<meta name=\"twitter:label1\" content=\"Tiempo de lectura\" \/>\n\t<meta name=\"twitter:data1\" content=\"2 minutos\" \/>\n<script type=\"application\/ld+json\" class=\"yoast-schema-graph\">{\"@context\":\"https:\\\/\\\/schema.org\",\"@graph\":[{\"@type\":\"WebPage\",\"@id\":\"https:\\\/\\\/pueyrredonmotos.com\\\/honda\\\/producto\\\/barredora-recolectora-genesis-br1500\\\/\",\"url\":\"https:\\\/\\\/pueyrredonmotos.com\\\/honda\\\/producto\\\/barredora-recolectora-genesis-br1500\\\/\",\"name\":\"Barredora Recolectora Genesis BR1500 - Pueyrred\u00f3n Motos\",\"isPartOf\":{\"@id\":\"https:\\\/\\\/pueyrredonmotos.com\\\/honda\\\/#website\"},\"primaryImageOfPage\":{\"@id\":\"https:\\\/\\\/pueyrredonmotos.com\\\/honda\\\/producto\\\/barredora-recolectora-genesis-br1500\\\/#primaryimage\"},\"image\":{\"@id\":\"https:\\\/\\\/pueyrredonmotos.com\\\/honda\\\/producto\\\/barredora-recolectora-genesis-br1500\\\/#primaryimage\"},\"thumbnailUrl\":\"https:\\\/\\\/pueyrredonmotos.com\\\/honda\\\/wp-content\\\/uploads\\\/2025\\\/09\\\/BR1200-1.jpg\",\"datePublished\":\"2025-09-30T21:19:38+00:00\",\"dateModified\":\"2025-09-30T21:19:39+00:00\",\"breadcrumb\":{\"@id\":\"https:\\\/\\\/pueyrredonmotos.com\\\/honda\\\/producto\\\/barredora-recolectora-genesis-br1500\\\/#breadcrumb\"},\"inLanguage\":\"es\",\"potentialAction\":[{\"@type\":\"ReadAction\",\"target\":[\"https:\\\/\\\/pueyrredonmotos.com\\\/honda\\\/producto\\\/barredora-recolectora-genesis-br1500\\\/\"]}]},{\"@type\":\"ImageObject\",\"inLanguage\":\"es\",\"@id\":\"https:\\\/\\\/pueyrredonmotos.com\\\/honda\\\/producto\\\/barredora-recolectora-genesis-br1500\\\/#primaryimage\",\"url\":\"https:\\\/\\\/pueyrredonmotos.com\\\/honda\\\/wp-content\\\/uploads\\\/2025\\\/09\\\/BR1200-1.jpg\",\"contentUrl\":\"https:\\\/\\\/pueyrredonmotos.com\\\/honda\\\/wp-content\\\/uploads\\\/2025\\\/09\\\/BR1200-1.jpg\",\"width\":500,\"height\":500},{\"@type\":\"BreadcrumbList\",\"@id\":\"https:\\\/\\\/pueyrredonmotos.com\\\/honda\\\/producto\\\/barredora-recolectora-genesis-br1500\\\/#breadcrumb\",\"itemListElement\":[{\"@type\":\"ListItem\",\"position\":1,\"name\":\"Home\",\"item\":\"https:\\\/\\\/pueyrredonmotos.com\\\/honda\\\/\"},{\"@type\":\"ListItem\",\"position\":2,\"name\":\"Cat\u00e1logo\",\"item\":\"https:\\\/\\\/pueyrredonmotos.com\\\/honda\\\/catalogo\\\/\"},{\"@type\":\"ListItem\",\"position\":3,\"name\":\"Barredora Recolectora Genesis BR1500\"}]},{\"@type\":\"WebSite\",\"@id\":\"https:\\\/\\\/pueyrredonmotos.com\\\/honda\\\/#website\",\"url\":\"https:\\\/\\\/pueyrredonmotos.com\\\/honda\\\/\",\"name\":\"Pueyrred\u00f3n Motos\",\"description\":\"Concesionario Oficial Honda\",\"publisher\":{\"@id\":\"https:\\\/\\\/pueyrredonmotos.com\\\/honda\\\/#organization\"},\"potentialAction\":[{\"@type\":\"SearchAction\",\"target\":{\"@type\":\"EntryPoint\",\"urlTemplate\":\"https:\\\/\\\/pueyrredonmotos.com\\\/honda\\\/?s={search_term_string}\"},\"query-input\":{\"@type\":\"PropertyValueSpecification\",\"valueRequired\":true,\"valueName\":\"search_term_string\"}}],\"inLanguage\":\"es\"},{\"@type\":\"Organization\",\"@id\":\"https:\\\/\\\/pueyrredonmotos.com\\\/honda\\\/#organization\",\"name\":\"Pueyrred\u00f3n Motos\",\"url\":\"https:\\\/\\\/pueyrredonmotos.com\\\/honda\\\/\",\"logo\":{\"@type\":\"ImageObject\",\"inLanguage\":\"es\",\"@id\":\"https:\\\/\\\/pueyrredonmotos.com\\\/honda\\\/#\\\/schema\\\/logo\\\/image\\\/\",\"url\":\"https:\\\/\\\/pueyrredonmotos.com\\\/honda\\\/wp-content\\\/uploads\\\/2023\\\/09\\\/logo-180-66.png\",\"contentUrl\":\"https:\\\/\\\/pueyrredonmotos.com\\\/honda\\\/wp-content\\\/uploads\\\/2023\\\/09\\\/logo-180-66.png\",\"width\":180,\"height\":66,\"caption\":\"Pueyrred\u00f3n Motos\"},\"image\":{\"@id\":\"https:\\\/\\\/pueyrredonmotos.com\\\/honda\\\/#\\\/schema\\\/logo\\\/image\\\/\"},\"sameAs\":[\"https:\\\/\\\/www.facebook.com\\\/pueyrredonmotos.honda\",\"https:\\\/\\\/www.instagram.com\\\/pueyrredonmotos.honda\\\/\"]}]}<\/script>\n<!-- \/ Yoast SEO Premium plugin. -->","yoast_head_json":{"title":"Barredora Recolectora Genesis BR1500 - Pueyrred\u00f3n Motos","robots":{"index":"index","follow":"follow","max-snippet":"max-snippet:-1","max-image-preview":"max-image-preview:large","max-video-preview":"max-video-preview:-1"},"canonical":"https:\/\/pueyrredonmotos.com\/honda\/producto\/barredora-recolectora-genesis-br1500\/","og_locale":"es_ES","og_type":"article","og_title":"Barredora Recolectora Genesis BR1500","og_description":"Barredora Recolectora Genesis BR1500  Barredora de arrastre para ATV o UTV equipada con motor SHIMURA 6.5HP. Ideal para potreros, parques y \u00e1reas p\u00fablicas. Recolecta esti\u00e9rcol, hojas y restos con cepillos de polipropileno de alta resistencia y tolva de 920 L f\u00e1cil de vaciar mediante malacate.","og_url":"https:\/\/pueyrredonmotos.com\/honda\/producto\/barredora-recolectora-genesis-br1500\/","og_site_name":"Pueyrred\u00f3n Motos","article_publisher":"https:\/\/www.facebook.com\/pueyrredonmotos.honda","article_modified_time":"2025-09-30T21:19:39+00:00","og_image":[{"width":500,"height":500,"url":"https:\/\/pueyrredonmotos.com\/honda\/wp-content\/uploads\/2025\/09\/BR1200-1.jpg","type":"image\/jpeg"}],"twitter_card":"summary_large_image","twitter_misc":{"Tiempo de lectura":"2 minutos"},"schema":{"@context":"https:\/\/schema.org","@graph":[{"@type":"WebPage","@id":"https:\/\/pueyrredonmotos.com\/honda\/producto\/barredora-recolectora-genesis-br1500\/","url":"https:\/\/pueyrredonmotos.com\/honda\/producto\/barredora-recolectora-genesis-br1500\/","name":"Barredora Recolectora Genesis BR1500 - Pueyrred\u00f3n Motos","isPartOf":{"@id":"https:\/\/pueyrredonmotos.com\/honda\/#website"},"primaryImageOfPage":{"@id":"https:\/\/pueyrredonmotos.com\/honda\/producto\/barredora-recolectora-genesis-br1500\/#primaryimage"},"image":{"@id":"https:\/\/pueyrredonmotos.com\/honda\/producto\/barredora-recolectora-genesis-br1500\/#primaryimage"},"thumbnailUrl":"https:\/\/pueyrredonmotos.com\/honda\/wp-content\/uploads\/2025\/09\/BR1200-1.jpg","datePublished":"2025-09-30T21:19:38+00:00","dateModified":"2025-09-30T21:19:39+00:00","breadcrumb":{"@id":"https:\/\/pueyrredonmotos.com\/honda\/producto\/barredora-recolectora-genesis-br1500\/#breadcrumb"},"inLanguage":"es","potentialAction":[{"@type":"ReadAction","target":["https:\/\/pueyrredonmotos.com\/honda\/producto\/barredora-recolectora-genesis-br1500\/"]}]},{"@type":"ImageObject","inLanguage":"es","@id":"https:\/\/pueyrredonmotos.com\/honda\/producto\/barredora-recolectora-genesis-br1500\/#primaryimage","url":"https:\/\/pueyrredonmotos.com\/honda\/wp-content\/uploads\/2025\/09\/BR1200-1.jpg","contentUrl":"https:\/\/pueyrredonmotos.com\/honda\/wp-content\/uploads\/2025\/09\/BR1200-1.jpg","width":500,"height":500},{"@type":"BreadcrumbList","@id":"https:\/\/pueyrredonmotos.com\/honda\/producto\/barredora-recolectora-genesis-br1500\/#breadcrumb","itemListElement":[{"@type":"ListItem","position":1,"name":"Home","item":"https:\/\/pueyrredonmotos.com\/honda\/"},{"@type":"ListItem","position":2,"name":"Cat\u00e1logo","item":"https:\/\/pueyrredonmotos.com\/honda\/catalogo\/"},{"@type":"ListItem","position":3,"name":"Barredora Recolectora Genesis BR1500"}]},{"@type":"WebSite","@id":"https:\/\/pueyrredonmotos.com\/honda\/#website","url":"https:\/\/pueyrredonmotos.com\/honda\/","name":"Pueyrred\u00f3n Motos","description":"Concesionario Oficial Honda","publisher":{"@id":"https:\/\/pueyrredonmotos.com\/honda\/#organization"},"potentialAction":[{"@type":"SearchAction","target":{"@type":"EntryPoint","urlTemplate":"https:\/\/pueyrredonmotos.com\/honda\/?s={search_term_string}"},"query-input":{"@type":"PropertyValueSpecification","valueRequired":true,"valueName":"search_term_string"}}],"inLanguage":"es"},{"@type":"Organization","@id":"https:\/\/pueyrredonmotos.com\/honda\/#organization","name":"Pueyrred\u00f3n Motos","url":"https:\/\/pueyrredonmotos.com\/honda\/","logo":{"@type":"ImageObject","inLanguage":"es","@id":"https:\/\/pueyrredonmotos.com\/honda\/#\/schema\/logo\/image\/","url":"https:\/\/pueyrredonmotos.com\/honda\/wp-content\/uploads\/2023\/09\/logo-180-66.png","contentUrl":"https:\/\/pueyrredonmotos.com\/honda\/wp-content\/uploads\/2023\/09\/logo-180-66.png","width":180,"height":66,"caption":"Pueyrred\u00f3n Motos"},"image":{"@id":"https:\/\/pueyrredonmotos.com\/honda\/#\/schema\/logo\/image\/"},"sameAs":["https:\/\/www.facebook.com\/pueyrredonmotos.honda","https:\/\/www.instagram.com\/pueyrredonmotos.honda\/"]}]}},"_links":{"self":[{"href":"https:\/\/pueyrredonmotos.com\/honda\/wp-json\/wp\/v2\/product\/10980","targetHints":{"allow":["GET"]}}],"collection":[{"href":"https:\/\/pueyrredonmotos.com\/honda\/wp-json\/wp\/v2\/product"}],"about":[{"href":"https:\/\/pueyrredonmotos.com\/honda\/wp-json\/wp\/v2\/types\/product"}],"wp:featuredmedia":[{"embeddable":true,"href":"https:\/\/pueyrredonmotos.com\/honda\/wp-json\/wp\/v2\/media\/10981"}],"wp:attachment":[{"href":"https:\/\/pueyrredonmotos.com\/honda\/wp-json\/wp\/v2\/media?parent=10980"}],"wp:term":[{"taxonomy":"product_brand","embeddable":true,"href":"https:\/\/pueyrredonmotos.com\/honda\/wp-json\/wp\/v2\/product_brand?post=10980"},{"taxonomy":"product_cat","embeddable":true,"href":"https:\/\/pueyrredonmotos.com\/honda\/wp-json\/wp\/v2\/product_cat?post=10980"},{"taxonomy":"product_tag","embeddable":true,"href":"https:\/\/pueyrredonmotos.com\/honda\/wp-json\/wp\/v2\/product_tag?post=10980"}],"curies":[{"name":"wp","href":"https:\/\/api.w.org\/{rel}","templated":true}]}}