{"id":10915,"date":"2025-09-29T20:39:40","date_gmt":"2025-09-29T23:39:40","guid":{"rendered":"https:\/\/pueyrredonmotos.com\/honda\/?post_type=product&#038;p=10915"},"modified":"2025-09-29T20:39:41","modified_gmt":"2025-09-29T23:39:41","slug":"desmalezadoras-para-cuatriciclos-genesis-datv100h-chasis","status":"publish","type":"product","link":"https:\/\/pueyrredonmotos.com\/honda\/producto\/desmalezadoras-para-cuatriciclos-genesis-datv100h-chasis\/","title":{"rendered":"Desmalezadoras para Cuatriciclos Genesis DATV100H (Chasis)"},"content":{"rendered":"<h3>Descripci\u00f3n<\/h3>\n<p>La desmalezadora de arrastre para cuatriciclos (ATV) KCM Genesis DATV100 cuenta con su chasis\/caparaz\u00f3n integrados y resistentes a las rigurosas exigencias del desmalezado cotidiano. El caparaz\u00f3n al ser de una sola pieza y reduciendo al m\u00ednimo los puntos de soldadura y uniones, no deja formar oxidaci\u00f3n, logrando mas vida \u00fatil. Las ruedas se instalan directamente sobre el chasis y pivotan sobre soportes independientes con regulaci\u00f3n de 5 posiciones, ubicadas de manera central para equilibrar los pesos de manera uniforme y hacerla m\u00e1s liviana en todas las tareas. La desmalezadora KCM Genesis DATV100 se fabrica en una sola versi\u00f3n pero con 9 potencias de motor, que cuentan con eje horizontal, eje vertical, sistema de arranque manual y sistema de arranque el\u00e9ctrico. Los motores SHIMURA de 5,5HP a 15HP brindan un rango de potencias acordes a cada necesidad. Las transmisiones a correa son de simple mantenimiento y bajo costo de reemplazo. Se puede incluir dentro de los opcionales: Embrague y freno de cuchilla, patines, extensi\u00f3n de lanza, variedad de rodados, rodado dual y mucho m\u00e1s. El sistema de corte puede estar equipado con una cuchilla fija o dos cuchillas oscilantes que ofrecen m\u00e1xima resistencia, durabilidad, facilidad de operaci\u00f3n y sencillez de mantenimiento. Adem\u00e1s de garantizar un corte suave y preciso, usted puede contar con la versatilidad del chasis para los trabajos mas severos en el desmalezado hogare\u00f1o y de peque\u00f1as a medianas superficies.<\/p>\n<p><strong>Dimensiones de Transporte<\/strong><br \/>\nAncho: 1240mm<br \/>\nLargo: 1400mm<br \/>\nTrocha: 1080mm<\/p>\n<p><strong>Dimensiones de Trabajo<\/strong><br \/>\nAncho: 1240mm<br \/>\nLargo: 2500mm<br \/>\nTrocha: 1080mm<\/p>\n<p>Peso: \u2014<br \/>\nPotencia: SIN MOTOR<br \/>\nR\u00e9gimen de Motor: \u2014RPM<br \/>\nNeum\u00e1ticos: 260\u00d780 con bolilleros<br \/>\nCantidad de Neum\u00e1ticos: 2<br \/>\nPresi\u00f3n normal: 30PSI<\/p>\n<p><strong>Sistema de Corte<\/strong><br \/>\nUna h\u00e9lice r\u00edgida<br \/>\nAltura m\u00ednima de corte: 5mm<br \/>\nAltura m\u00e1xima de corte: 160mm<br \/>\nAncho de labor: 1000mm<br \/>\nRegulaci\u00f3n de Altura de corte: Mediante regla de 5 posiciones<br \/>\nTransmisi\u00f3n: Correa simple en 6,5hp\/ Doble en 9hp<\/p>\n<p><strong>Chasis<\/strong><br \/>\nCaparaz\u00f3n autoportante con tren de rodaje incorporado.<br \/>\nLanza: Con 3 posiciones para corte central y lateral<br \/>\nEnganche: a ojal (para perno de hasta 20mm)<\/p>\n<p><strong>Opcionales<\/strong><br \/>\n-Enganche de carcasa tipo bolita 1 7\/8 50mm<br \/>\n-Enganche regulable en altura<br \/>\n-Cricket regulador de altura de corte<br \/>\n-Ruedas macizas<\/p>\n<p>&nbsp;<\/p>\n","protected":false},"excerpt":{"rendered":"<p><strong>Desmalezadoras para Cuatriciclos Genesis DATV100H (Chasis)<\/strong><br \/>\nChasis robusto y adaptable para desmalezadora Genesis DATV100H. Con 1 m de ancho de labor, regulaci\u00f3n de altura en 5 posiciones y sistema de corte vers\u00e1til, est\u00e1 listo para equipar con motor y opcionales seg\u00fan tus necesidades.<\/p>\n","protected":false},"featured_media":10911,"template":"","meta":[],"product_brand":[],"product_cat":[36],"product_tag":[196,302],"class_list":{"0":"post-10915","1":"product","2":"type-product","3":"status-publish","4":"has-post-thumbnail","6":"product_cat-accesorios","7":"product_tag-atv","8":"product_tag-desmalezadoras","10":"first","11":"instock","12":"shipping-taxable","13":"purchasable","14":"product-type-simple"},"yoast_head":"<!-- This site is optimized with the Yoast SEO Premium plugin v21.2 (Yoast SEO v27.3) - https:\/\/yoast.com\/product\/yoast-seo-premium-wordpress\/ -->\n<title>Desmalezadoras para Cuatriciclos Genesis DATV100H (Chasis) - Pueyrred\u00f3n Motos<\/title>\n<meta name=\"robots\" content=\"index, follow, max-snippet:-1, max-image-preview:large, max-video-preview:-1\" \/>\n<link rel=\"canonical\" href=\"https:\/\/pueyrredonmotos.com\/honda\/producto\/desmalezadoras-para-cuatriciclos-genesis-datv100h-chasis\/\" \/>\n<meta property=\"og:locale\" content=\"es_ES\" \/>\n<meta property=\"og:type\" content=\"article\" \/>\n<meta property=\"og:title\" content=\"Desmalezadoras para Cuatriciclos Genesis DATV100H (Chasis)\" \/>\n<meta property=\"og:description\" content=\"Desmalezadoras para Cuatriciclos Genesis DATV100H (Chasis) Chasis robusto y adaptable para desmalezadora Genesis DATV100H. Con 1 m de ancho de labor, regulaci\u00f3n de altura en 5 posiciones y sistema de corte vers\u00e1til, est\u00e1 listo para equipar con motor y opcionales seg\u00fan tus necesidades.\" \/>\n<meta property=\"og:url\" content=\"https:\/\/pueyrredonmotos.com\/honda\/producto\/desmalezadoras-para-cuatriciclos-genesis-datv100h-chasis\/\" \/>\n<meta property=\"og:site_name\" content=\"Pueyrred\u00f3n Motos\" \/>\n<meta property=\"article:publisher\" content=\"https:\/\/www.facebook.com\/pueyrredonmotos.honda\" \/>\n<meta property=\"article:modified_time\" content=\"2025-09-29T23:39:41+00:00\" \/>\n<meta property=\"og:image\" content=\"https:\/\/pueyrredonmotos.com\/honda\/wp-content\/uploads\/2025\/09\/DATV100-1.jpg\" \/>\n\t<meta property=\"og:image:width\" content=\"500\" \/>\n\t<meta property=\"og:image:height\" content=\"500\" \/>\n\t<meta property=\"og:image:type\" content=\"image\/jpeg\" \/>\n<meta name=\"twitter:card\" content=\"summary_large_image\" \/>\n<meta name=\"twitter:label1\" content=\"Tiempo de lectura\" \/>\n\t<meta name=\"twitter:data1\" content=\"2 minutos\" \/>\n<script type=\"application\/ld+json\" class=\"yoast-schema-graph\">{\"@context\":\"https:\\\/\\\/schema.org\",\"@graph\":[{\"@type\":\"WebPage\",\"@id\":\"https:\\\/\\\/pueyrredonmotos.com\\\/honda\\\/producto\\\/desmalezadoras-para-cuatriciclos-genesis-datv100h-chasis\\\/\",\"url\":\"https:\\\/\\\/pueyrredonmotos.com\\\/honda\\\/producto\\\/desmalezadoras-para-cuatriciclos-genesis-datv100h-chasis\\\/\",\"name\":\"Desmalezadoras para Cuatriciclos Genesis DATV100H (Chasis) - Pueyrred\u00f3n Motos\",\"isPartOf\":{\"@id\":\"https:\\\/\\\/pueyrredonmotos.com\\\/honda\\\/#website\"},\"primaryImageOfPage\":{\"@id\":\"https:\\\/\\\/pueyrredonmotos.com\\\/honda\\\/producto\\\/desmalezadoras-para-cuatriciclos-genesis-datv100h-chasis\\\/#primaryimage\"},\"image\":{\"@id\":\"https:\\\/\\\/pueyrredonmotos.com\\\/honda\\\/producto\\\/desmalezadoras-para-cuatriciclos-genesis-datv100h-chasis\\\/#primaryimage\"},\"thumbnailUrl\":\"https:\\\/\\\/pueyrredonmotos.com\\\/honda\\\/wp-content\\\/uploads\\\/2025\\\/09\\\/DATV100-1.jpg\",\"datePublished\":\"2025-09-29T23:39:40+00:00\",\"dateModified\":\"2025-09-29T23:39:41+00:00\",\"breadcrumb\":{\"@id\":\"https:\\\/\\\/pueyrredonmotos.com\\\/honda\\\/producto\\\/desmalezadoras-para-cuatriciclos-genesis-datv100h-chasis\\\/#breadcrumb\"},\"inLanguage\":\"es\",\"potentialAction\":[{\"@type\":\"ReadAction\",\"target\":[\"https:\\\/\\\/pueyrredonmotos.com\\\/honda\\\/producto\\\/desmalezadoras-para-cuatriciclos-genesis-datv100h-chasis\\\/\"]}]},{\"@type\":\"ImageObject\",\"inLanguage\":\"es\",\"@id\":\"https:\\\/\\\/pueyrredonmotos.com\\\/honda\\\/producto\\\/desmalezadoras-para-cuatriciclos-genesis-datv100h-chasis\\\/#primaryimage\",\"url\":\"https:\\\/\\\/pueyrredonmotos.com\\\/honda\\\/wp-content\\\/uploads\\\/2025\\\/09\\\/DATV100-1.jpg\",\"contentUrl\":\"https:\\\/\\\/pueyrredonmotos.com\\\/honda\\\/wp-content\\\/uploads\\\/2025\\\/09\\\/DATV100-1.jpg\",\"width\":500,\"height\":500},{\"@type\":\"BreadcrumbList\",\"@id\":\"https:\\\/\\\/pueyrredonmotos.com\\\/honda\\\/producto\\\/desmalezadoras-para-cuatriciclos-genesis-datv100h-chasis\\\/#breadcrumb\",\"itemListElement\":[{\"@type\":\"ListItem\",\"position\":1,\"name\":\"Home\",\"item\":\"https:\\\/\\\/pueyrredonmotos.com\\\/honda\\\/\"},{\"@type\":\"ListItem\",\"position\":2,\"name\":\"Cat\u00e1logo\",\"item\":\"https:\\\/\\\/pueyrredonmotos.com\\\/honda\\\/catalogo\\\/\"},{\"@type\":\"ListItem\",\"position\":3,\"name\":\"Desmalezadoras para Cuatriciclos Genesis DATV100H (Chasis)\"}]},{\"@type\":\"WebSite\",\"@id\":\"https:\\\/\\\/pueyrredonmotos.com\\\/honda\\\/#website\",\"url\":\"https:\\\/\\\/pueyrredonmotos.com\\\/honda\\\/\",\"name\":\"Pueyrred\u00f3n Motos\",\"description\":\"Concesionario Oficial Honda\",\"publisher\":{\"@id\":\"https:\\\/\\\/pueyrredonmotos.com\\\/honda\\\/#organization\"},\"potentialAction\":[{\"@type\":\"SearchAction\",\"target\":{\"@type\":\"EntryPoint\",\"urlTemplate\":\"https:\\\/\\\/pueyrredonmotos.com\\\/honda\\\/?s={search_term_string}\"},\"query-input\":{\"@type\":\"PropertyValueSpecification\",\"valueRequired\":true,\"valueName\":\"search_term_string\"}}],\"inLanguage\":\"es\"},{\"@type\":\"Organization\",\"@id\":\"https:\\\/\\\/pueyrredonmotos.com\\\/honda\\\/#organization\",\"name\":\"Pueyrred\u00f3n Motos\",\"url\":\"https:\\\/\\\/pueyrredonmotos.com\\\/honda\\\/\",\"logo\":{\"@type\":\"ImageObject\",\"inLanguage\":\"es\",\"@id\":\"https:\\\/\\\/pueyrredonmotos.com\\\/honda\\\/#\\\/schema\\\/logo\\\/image\\\/\",\"url\":\"https:\\\/\\\/pueyrredonmotos.com\\\/honda\\\/wp-content\\\/uploads\\\/2023\\\/09\\\/logo-180-66.png\",\"contentUrl\":\"https:\\\/\\\/pueyrredonmotos.com\\\/honda\\\/wp-content\\\/uploads\\\/2023\\\/09\\\/logo-180-66.png\",\"width\":180,\"height\":66,\"caption\":\"Pueyrred\u00f3n Motos\"},\"image\":{\"@id\":\"https:\\\/\\\/pueyrredonmotos.com\\\/honda\\\/#\\\/schema\\\/logo\\\/image\\\/\"},\"sameAs\":[\"https:\\\/\\\/www.facebook.com\\\/pueyrredonmotos.honda\",\"https:\\\/\\\/www.instagram.com\\\/pueyrredonmotos.honda\\\/\"]}]}<\/script>\n<!-- \/ Yoast SEO Premium plugin. -->","yoast_head_json":{"title":"Desmalezadoras para Cuatriciclos Genesis DATV100H (Chasis) - Pueyrred\u00f3n Motos","robots":{"index":"index","follow":"follow","max-snippet":"max-snippet:-1","max-image-preview":"max-image-preview:large","max-video-preview":"max-video-preview:-1"},"canonical":"https:\/\/pueyrredonmotos.com\/honda\/producto\/desmalezadoras-para-cuatriciclos-genesis-datv100h-chasis\/","og_locale":"es_ES","og_type":"article","og_title":"Desmalezadoras para Cuatriciclos Genesis DATV100H (Chasis)","og_description":"Desmalezadoras para Cuatriciclos Genesis DATV100H (Chasis) Chasis robusto y adaptable para desmalezadora Genesis DATV100H. Con 1 m de ancho de labor, regulaci\u00f3n de altura en 5 posiciones y sistema de corte vers\u00e1til, est\u00e1 listo para equipar con motor y opcionales seg\u00fan tus necesidades.","og_url":"https:\/\/pueyrredonmotos.com\/honda\/producto\/desmalezadoras-para-cuatriciclos-genesis-datv100h-chasis\/","og_site_name":"Pueyrred\u00f3n Motos","article_publisher":"https:\/\/www.facebook.com\/pueyrredonmotos.honda","article_modified_time":"2025-09-29T23:39:41+00:00","og_image":[{"width":500,"height":500,"url":"https:\/\/pueyrredonmotos.com\/honda\/wp-content\/uploads\/2025\/09\/DATV100-1.jpg","type":"image\/jpeg"}],"twitter_card":"summary_large_image","twitter_misc":{"Tiempo de lectura":"2 minutos"},"schema":{"@context":"https:\/\/schema.org","@graph":[{"@type":"WebPage","@id":"https:\/\/pueyrredonmotos.com\/honda\/producto\/desmalezadoras-para-cuatriciclos-genesis-datv100h-chasis\/","url":"https:\/\/pueyrredonmotos.com\/honda\/producto\/desmalezadoras-para-cuatriciclos-genesis-datv100h-chasis\/","name":"Desmalezadoras para Cuatriciclos Genesis DATV100H (Chasis) - Pueyrred\u00f3n Motos","isPartOf":{"@id":"https:\/\/pueyrredonmotos.com\/honda\/#website"},"primaryImageOfPage":{"@id":"https:\/\/pueyrredonmotos.com\/honda\/producto\/desmalezadoras-para-cuatriciclos-genesis-datv100h-chasis\/#primaryimage"},"image":{"@id":"https:\/\/pueyrredonmotos.com\/honda\/producto\/desmalezadoras-para-cuatriciclos-genesis-datv100h-chasis\/#primaryimage"},"thumbnailUrl":"https:\/\/pueyrredonmotos.com\/honda\/wp-content\/uploads\/2025\/09\/DATV100-1.jpg","datePublished":"2025-09-29T23:39:40+00:00","dateModified":"2025-09-29T23:39:41+00:00","breadcrumb":{"@id":"https:\/\/pueyrredonmotos.com\/honda\/producto\/desmalezadoras-para-cuatriciclos-genesis-datv100h-chasis\/#breadcrumb"},"inLanguage":"es","potentialAction":[{"@type":"ReadAction","target":["https:\/\/pueyrredonmotos.com\/honda\/producto\/desmalezadoras-para-cuatriciclos-genesis-datv100h-chasis\/"]}]},{"@type":"ImageObject","inLanguage":"es","@id":"https:\/\/pueyrredonmotos.com\/honda\/producto\/desmalezadoras-para-cuatriciclos-genesis-datv100h-chasis\/#primaryimage","url":"https:\/\/pueyrredonmotos.com\/honda\/wp-content\/uploads\/2025\/09\/DATV100-1.jpg","contentUrl":"https:\/\/pueyrredonmotos.com\/honda\/wp-content\/uploads\/2025\/09\/DATV100-1.jpg","width":500,"height":500},{"@type":"BreadcrumbList","@id":"https:\/\/pueyrredonmotos.com\/honda\/producto\/desmalezadoras-para-cuatriciclos-genesis-datv100h-chasis\/#breadcrumb","itemListElement":[{"@type":"ListItem","position":1,"name":"Home","item":"https:\/\/pueyrredonmotos.com\/honda\/"},{"@type":"ListItem","position":2,"name":"Cat\u00e1logo","item":"https:\/\/pueyrredonmotos.com\/honda\/catalogo\/"},{"@type":"ListItem","position":3,"name":"Desmalezadoras para Cuatriciclos Genesis DATV100H (Chasis)"}]},{"@type":"WebSite","@id":"https:\/\/pueyrredonmotos.com\/honda\/#website","url":"https:\/\/pueyrredonmotos.com\/honda\/","name":"Pueyrred\u00f3n Motos","description":"Concesionario Oficial Honda","publisher":{"@id":"https:\/\/pueyrredonmotos.com\/honda\/#organization"},"potentialAction":[{"@type":"SearchAction","target":{"@type":"EntryPoint","urlTemplate":"https:\/\/pueyrredonmotos.com\/honda\/?s={search_term_string}"},"query-input":{"@type":"PropertyValueSpecification","valueRequired":true,"valueName":"search_term_string"}}],"inLanguage":"es"},{"@type":"Organization","@id":"https:\/\/pueyrredonmotos.com\/honda\/#organization","name":"Pueyrred\u00f3n Motos","url":"https:\/\/pueyrredonmotos.com\/honda\/","logo":{"@type":"ImageObject","inLanguage":"es","@id":"https:\/\/pueyrredonmotos.com\/honda\/#\/schema\/logo\/image\/","url":"https:\/\/pueyrredonmotos.com\/honda\/wp-content\/uploads\/2023\/09\/logo-180-66.png","contentUrl":"https:\/\/pueyrredonmotos.com\/honda\/wp-content\/uploads\/2023\/09\/logo-180-66.png","width":180,"height":66,"caption":"Pueyrred\u00f3n Motos"},"image":{"@id":"https:\/\/pueyrredonmotos.com\/honda\/#\/schema\/logo\/image\/"},"sameAs":["https:\/\/www.facebook.com\/pueyrredonmotos.honda","https:\/\/www.instagram.com\/pueyrredonmotos.honda\/"]}]}},"_links":{"self":[{"href":"https:\/\/pueyrredonmotos.com\/honda\/wp-json\/wp\/v2\/product\/10915","targetHints":{"allow":["GET"]}}],"collection":[{"href":"https:\/\/pueyrredonmotos.com\/honda\/wp-json\/wp\/v2\/product"}],"about":[{"href":"https:\/\/pueyrredonmotos.com\/honda\/wp-json\/wp\/v2\/types\/product"}],"wp:featuredmedia":[{"embeddable":true,"href":"https:\/\/pueyrredonmotos.com\/honda\/wp-json\/wp\/v2\/media\/10911"}],"wp:attachment":[{"href":"https:\/\/pueyrredonmotos.com\/honda\/wp-json\/wp\/v2\/media?parent=10915"}],"wp:term":[{"taxonomy":"product_brand","embeddable":true,"href":"https:\/\/pueyrredonmotos.com\/honda\/wp-json\/wp\/v2\/product_brand?post=10915"},{"taxonomy":"product_cat","embeddable":true,"href":"https:\/\/pueyrredonmotos.com\/honda\/wp-json\/wp\/v2\/product_cat?post=10915"},{"taxonomy":"product_tag","embeddable":true,"href":"https:\/\/pueyrredonmotos.com\/honda\/wp-json\/wp\/v2\/product_tag?post=10915"}],"curies":[{"name":"wp","href":"https:\/\/api.w.org\/{rel}","templated":true}]}}