{"id":10659,"date":"2025-06-18T14:34:21","date_gmt":"2025-06-18T17:34:21","guid":{"rendered":"https:\/\/pueyrredonmotos.com\/honda\/?post_type=product&#038;p=10659"},"modified":"2025-08-01T12:37:30","modified_gmt":"2025-08-01T15:37:30","slug":"honda-xr190l","status":"publish","type":"product","link":"https:\/\/pueyrredonmotos.com\/honda\/producto\/honda-xr190l\/","title":{"rendered":"Honda XR190L"},"content":{"rendered":"<p><a href=\"https:\/\/pueyrredonmotos.com\/honda\/wp-content\/uploads\/2025\/06\/Honda-xr190l-banner.jpg\"><img loading=\"lazy\" decoding=\"async\" class=\"alignnone size-full wp-image-10660\" src=\"https:\/\/pueyrredonmotos.com\/honda\/wp-content\/uploads\/2025\/06\/Honda-xr190l-banner.jpg\" alt=\"\" width=\"1400\" height=\"593\" srcset=\"https:\/\/pueyrredonmotos.com\/honda\/wp-content\/uploads\/2025\/06\/Honda-xr190l-banner.jpg 1400w, https:\/\/pueyrredonmotos.com\/honda\/wp-content\/uploads\/2025\/06\/Honda-xr190l-banner-300x127.jpg 300w, https:\/\/pueyrredonmotos.com\/honda\/wp-content\/uploads\/2025\/06\/Honda-xr190l-banner-1024x434.jpg 1024w, https:\/\/pueyrredonmotos.com\/honda\/wp-content\/uploads\/2025\/06\/Honda-xr190l-banner-768x325.jpg 768w, https:\/\/pueyrredonmotos.com\/honda\/wp-content\/uploads\/2025\/06\/Honda-xr190l-banner-800x339.jpg 800w\" sizes=\"auto, (max-width: 1400px) 100vw, 1400px\" \/><\/a><\/p>\n<h3>DISE\u00d1O<\/h3>\n<p><a href=\"https:\/\/pueyrredonmotos.com\/honda\/wp-content\/uploads\/2025\/06\/Honda-xr190l-diseno.jpg\"><img loading=\"lazy\" decoding=\"async\" class=\"alignnone size-full wp-image-10661\" src=\"https:\/\/pueyrredonmotos.com\/honda\/wp-content\/uploads\/2025\/06\/Honda-xr190l-diseno.jpg\" alt=\"\" width=\"1010\" height=\"401\" srcset=\"https:\/\/pueyrredonmotos.com\/honda\/wp-content\/uploads\/2025\/06\/Honda-xr190l-diseno.jpg 1010w, https:\/\/pueyrredonmotos.com\/honda\/wp-content\/uploads\/2025\/06\/Honda-xr190l-diseno-300x119.jpg 300w, https:\/\/pueyrredonmotos.com\/honda\/wp-content\/uploads\/2025\/06\/Honda-xr190l-diseno-768x305.jpg 768w, https:\/\/pueyrredonmotos.com\/honda\/wp-content\/uploads\/2025\/06\/Honda-xr190l-diseno-800x318.jpg 800w\" sizes=\"auto, (max-width: 1010px) 100vw, 1010px\" \/><\/a><\/p>\n<p><b>Descargar <\/b> <a href=\"https:\/\/motos.honda.com.ar\/uploads\/modelos\/73\/fichas_tecnicas\/73c-1ficha-tecnica-xr190l.pdf\" target=\"_blank\" rel=\"noopener\">Ficha T\u00e9cnica<\/a><\/p>\n<p><strong>NUEVO ESTILO, MISMA ESENCIA TODO TERRENO<\/strong><br \/>\nLa XR 190L presenta un nuevo dise\u00f1o, inspirado en la XR 300L Tornado. Es la compa\u00f1era ideal para quienes buscan explorar sin l\u00edmites. Este dise\u00f1o renovado equilibra resistencia y agilidad, brindando la versatilidad necesaria para superar cualquier desaf\u00edo con confianza.<\/p>\n<h3>MOTOR Y TRANSMISI\u00d3N<\/h3>\n<p><a href=\"https:\/\/pueyrredonmotos.com\/honda\/wp-content\/uploads\/2025\/06\/Honda-xr190l-motor.jpg\"><img loading=\"lazy\" decoding=\"async\" class=\"alignnone size-full wp-image-10662\" src=\"https:\/\/pueyrredonmotos.com\/honda\/wp-content\/uploads\/2025\/06\/Honda-xr190l-motor.jpg\" alt=\"\" width=\"1010\" height=\"401\" srcset=\"https:\/\/pueyrredonmotos.com\/honda\/wp-content\/uploads\/2025\/06\/Honda-xr190l-motor.jpg 1010w, https:\/\/pueyrredonmotos.com\/honda\/wp-content\/uploads\/2025\/06\/Honda-xr190l-motor-300x119.jpg 300w, https:\/\/pueyrredonmotos.com\/honda\/wp-content\/uploads\/2025\/06\/Honda-xr190l-motor-768x305.jpg 768w, https:\/\/pueyrredonmotos.com\/honda\/wp-content\/uploads\/2025\/06\/Honda-xr190l-motor-800x318.jpg 800w\" sizes=\"auto, (max-width: 1010px) 100vw, 1010px\" \/><\/a><\/p>\n<p><strong>EFICIENCIA Y RESPUESTA CON INYECCI\u00d3N ELECTR\u00d3NICA<\/strong><br \/>\nEl motor de 190cc, combinado con una transmisi\u00f3n de 5 velocidades, brinda una respuesta \u00e1gil y precisa en todo tipo de terreno. Gracias a la inyecci\u00f3n electr\u00f3nica PGM-FI, el motor optimiza el consumo de combustible y mejora su rendimiento, asegurando eficiencia y potencia en cada trayecto.<\/p>\n<h3><a href=\"https:\/\/pueyrredonmotos.com\/honda\/wp-content\/uploads\/2025\/06\/Honda-xr190l-seguridad.jpg\"><img loading=\"lazy\" decoding=\"async\" class=\"alignnone size-full wp-image-10663\" src=\"https:\/\/pueyrredonmotos.com\/honda\/wp-content\/uploads\/2025\/06\/Honda-xr190l-seguridad.jpg\" alt=\"\" width=\"1010\" height=\"401\" srcset=\"https:\/\/pueyrredonmotos.com\/honda\/wp-content\/uploads\/2025\/06\/Honda-xr190l-seguridad.jpg 1010w, https:\/\/pueyrredonmotos.com\/honda\/wp-content\/uploads\/2025\/06\/Honda-xr190l-seguridad-300x119.jpg 300w, https:\/\/pueyrredonmotos.com\/honda\/wp-content\/uploads\/2025\/06\/Honda-xr190l-seguridad-768x305.jpg 768w, https:\/\/pueyrredonmotos.com\/honda\/wp-content\/uploads\/2025\/06\/Honda-xr190l-seguridad-800x318.jpg 800w\" sizes=\"auto, (max-width: 1010px) 100vw, 1010px\" \/><\/a><\/h3>\n<p><strong>MAYOR SEGURIDAD Y CONTROL EN CADA FRENADA<\/strong><br \/>\nLa nueva XR 190L incorpora ABS en el eje delantero y un disco de freno de 220mm en el eje trasero, mejorando la estabilidad y el control en cualquier tipo de terreno. Los componentes, desarrollados por Nissin, garantizan una respuesta de frenado m\u00e1s eficiente y segura en superficies exigentes.<\/p>\n<h3><a href=\"https:\/\/pueyrredonmotos.com\/honda\/wp-content\/uploads\/2025\/06\/Honda-xr190l-tecnologia-1.jpg\"><img loading=\"lazy\" decoding=\"async\" class=\"alignnone size-full wp-image-10664\" src=\"https:\/\/pueyrredonmotos.com\/honda\/wp-content\/uploads\/2025\/06\/Honda-xr190l-tecnologia-1.jpg\" alt=\"\" width=\"1010\" height=\"401\" srcset=\"https:\/\/pueyrredonmotos.com\/honda\/wp-content\/uploads\/2025\/06\/Honda-xr190l-tecnologia-1.jpg 1010w, https:\/\/pueyrredonmotos.com\/honda\/wp-content\/uploads\/2025\/06\/Honda-xr190l-tecnologia-1-300x119.jpg 300w, https:\/\/pueyrredonmotos.com\/honda\/wp-content\/uploads\/2025\/06\/Honda-xr190l-tecnologia-1-768x305.jpg 768w, https:\/\/pueyrredonmotos.com\/honda\/wp-content\/uploads\/2025\/06\/Honda-xr190l-tecnologia-1-800x318.jpg 800w\" sizes=\"auto, (max-width: 1010px) 100vw, 1010px\" \/><\/a><\/h3>\n<p><strong>ILUMINACI\u00d3N FULL LED, M\u00c1S VISIBILIDAD Y SEGURIDAD<\/strong><br \/>\nLa XR 190L ahora cuenta con iluminaci\u00f3n Full LED en faros y luces de giro, ofreciendo mayor visibilidad y seguridad en cualquier condici\u00f3n. Inspirado en la XR 300L, su dise\u00f1o moderno no solo mejora la est\u00e9tica, sino que tambi\u00e9n incrementa la eficiencia lum\u00ednica, permitiendo al piloto ver y ser visto con mayor claridad.<\/p>\n<p><a href=\"https:\/\/pueyrredonmotos.com\/honda\/wp-content\/uploads\/2025\/06\/Honda-xr190l-tecnologia-2.jpg\"><img loading=\"lazy\" decoding=\"async\" class=\"alignnone size-full wp-image-10665\" src=\"https:\/\/pueyrredonmotos.com\/honda\/wp-content\/uploads\/2025\/06\/Honda-xr190l-tecnologia-2.jpg\" alt=\"\" width=\"1010\" height=\"401\" srcset=\"https:\/\/pueyrredonmotos.com\/honda\/wp-content\/uploads\/2025\/06\/Honda-xr190l-tecnologia-2.jpg 1010w, https:\/\/pueyrredonmotos.com\/honda\/wp-content\/uploads\/2025\/06\/Honda-xr190l-tecnologia-2-300x119.jpg 300w, https:\/\/pueyrredonmotos.com\/honda\/wp-content\/uploads\/2025\/06\/Honda-xr190l-tecnologia-2-768x305.jpg 768w, https:\/\/pueyrredonmotos.com\/honda\/wp-content\/uploads\/2025\/06\/Honda-xr190l-tecnologia-2-800x318.jpg 800w\" sizes=\"auto, (max-width: 1010px) 100vw, 1010px\" \/><\/a><\/p>\n<p><strong>NUEVO TABLERO DIGITAL, M\u00c1S INFORMACI\u00d3N A LA VISTA<\/strong><br \/>\nEl nuevo tablero digital proporciona m\u00e1s informaci\u00f3n con una lectura clara y de f\u00e1cil acceso. Destaca su tac\u00f3metro digital, que permite un control m\u00e1s preciso del r\u00e9gimen del motor. Con un dise\u00f1o moderno y funcional, optimiza la experiencia de conducci\u00f3n en cualquier condici\u00f3n.<\/p>\n<p><a href=\"https:\/\/pueyrredonmotos.com\/honda\/wp-content\/uploads\/2025\/06\/Honda-xr190l-tecnologia-3.jpg\"><img loading=\"lazy\" decoding=\"async\" class=\"alignnone size-full wp-image-10666\" src=\"https:\/\/pueyrredonmotos.com\/honda\/wp-content\/uploads\/2025\/06\/Honda-xr190l-tecnologia-3.jpg\" alt=\"\" width=\"1010\" height=\"401\" srcset=\"https:\/\/pueyrredonmotos.com\/honda\/wp-content\/uploads\/2025\/06\/Honda-xr190l-tecnologia-3.jpg 1010w, https:\/\/pueyrredonmotos.com\/honda\/wp-content\/uploads\/2025\/06\/Honda-xr190l-tecnologia-3-300x119.jpg 300w, https:\/\/pueyrredonmotos.com\/honda\/wp-content\/uploads\/2025\/06\/Honda-xr190l-tecnologia-3-768x305.jpg 768w, https:\/\/pueyrredonmotos.com\/honda\/wp-content\/uploads\/2025\/06\/Honda-xr190l-tecnologia-3-800x318.jpg 800w\" sizes=\"auto, (max-width: 1010px) 100vw, 1010px\" \/><\/a><\/p>\n<p><strong>PUERTO USB, PARA MAYOR CONECTIVIDAD<\/strong><br \/>\nIncorpora un puerto USB tipo C, permitiendo cargar dispositivos m\u00f3viles de manera r\u00e1pida y segura. Su ubicaci\u00f3n estrat\u00e9gica facilita el acceso y mejora la experiencia de conducci\u00f3n, permitiendo mantenerse siempre conectado.<\/p>\n<h3><a href=\"https:\/\/pueyrredonmotos.com\/honda\/wp-content\/uploads\/2025\/06\/Honda-xr190l-suspension.jpg\"><img loading=\"lazy\" decoding=\"async\" class=\"alignnone size-full wp-image-10667\" src=\"https:\/\/pueyrredonmotos.com\/honda\/wp-content\/uploads\/2025\/06\/Honda-xr190l-suspension.jpg\" alt=\"\" width=\"1010\" height=\"401\" srcset=\"https:\/\/pueyrredonmotos.com\/honda\/wp-content\/uploads\/2025\/06\/Honda-xr190l-suspension.jpg 1010w, https:\/\/pueyrredonmotos.com\/honda\/wp-content\/uploads\/2025\/06\/Honda-xr190l-suspension-300x119.jpg 300w, https:\/\/pueyrredonmotos.com\/honda\/wp-content\/uploads\/2025\/06\/Honda-xr190l-suspension-768x305.jpg 768w, https:\/\/pueyrredonmotos.com\/honda\/wp-content\/uploads\/2025\/06\/Honda-xr190l-suspension-800x318.jpg 800w\" sizes=\"auto, (max-width: 1010px) 100vw, 1010px\" \/><\/a><\/h3>\n<p><strong>LISTA PARA CUALQUIER TERRENO<\/strong><br \/>\nLa horquilla telesc\u00f3pica delantera y el amortiguador trasero monoshock garantizan estabilidad y control en todo tipo de caminos. Dise\u00f1ada para absorber irregularidades del terreno, ofrece una conducci\u00f3n c\u00f3moda sin sacrificar rendimiento.<\/p>\n<!-- Popup open button -->\r\n<div class=\"wws-popup__open-btn wws--bg-color wws--text-color wws-shadow\">\r\n<span> Consultas por Whatsapp<\/span>\r\n<\/div>\r\n<p>&nbsp;<\/p>\r\n<p>&nbsp;<\/p>\r\n\n<p>&nbsp;<\/p>\n","protected":false},"excerpt":{"rendered":"<p>Explor\u00e1 sin l\u00edmites con la <strong>Honda XR190L<\/strong>, una dual sport con ADN todo terreno. Su nuevo dise\u00f1o, inspirado en la XR300L, combina agilidad, resistencia y estilo moderno. El motor de 190cc con inyecci\u00f3n electr\u00f3nica PGM-FI ofrece eficiencia y respuesta en cualquier superficie, mientras que el ABS delantero y los frenos Nissin aseguran control en cada maniobra. Con iluminaci\u00f3n Full LED, tablero digital con tac\u00f3metro y puerto USB tipo C, la XR190L est\u00e1 lista para todo. Libertad, tecnolog\u00eda y aventura, todo en una sola moto.<\/p>\n<p>&nbsp;<\/p>\n","protected":false},"featured_media":10668,"template":"","meta":[],"product_brand":[],"product_cat":[15],"product_tag":[38],"class_list":{"0":"post-10659","1":"product","2":"type-product","3":"status-publish","4":"has-post-thumbnail","6":"product_cat-motos-0km","7":"product_tag-on-off","8":"pa_marca-honda","9":"pa_modelo-xr190l","11":"first","12":"instock","13":"shipping-taxable","14":"purchasable","15":"product-type-simple"},"yoast_head":"<!-- This site is optimized with the Yoast SEO Premium plugin v21.2 (Yoast SEO v27.3) - https:\/\/yoast.com\/product\/yoast-seo-premium-wordpress\/ -->\n<title>Honda XR190L - Pueyrred\u00f3n Motos<\/title>\n<meta name=\"robots\" content=\"index, follow, max-snippet:-1, max-image-preview:large, max-video-preview:-1\" \/>\n<link rel=\"canonical\" href=\"https:\/\/pueyrredonmotos.com\/honda\/producto\/honda-xr190l\/\" \/>\n<meta property=\"og:locale\" content=\"es_ES\" \/>\n<meta property=\"og:type\" content=\"article\" \/>\n<meta property=\"og:title\" content=\"Honda XR190L\" \/>\n<meta property=\"og:description\" content=\"Explor\u00e1 sin l\u00edmites con la Honda XR190L, una dual sport con ADN todo terreno. Su nuevo dise\u00f1o, inspirado en la XR300L, combina agilidad, resistencia y estilo moderno. El motor de 190cc con inyecci\u00f3n electr\u00f3nica PGM-FI ofrece eficiencia y respuesta en cualquier superficie, mientras que el ABS delantero y los frenos Nissin aseguran control en cada maniobra. Con iluminaci\u00f3n Full LED, tablero digital con tac\u00f3metro y puerto USB tipo C, la XR190L est\u00e1 lista para todo. Libertad, tecnolog\u00eda y aventura, todo en una sola moto.  &nbsp;\" \/>\n<meta property=\"og:url\" content=\"https:\/\/pueyrredonmotos.com\/honda\/producto\/honda-xr190l\/\" \/>\n<meta property=\"og:site_name\" content=\"Pueyrred\u00f3n Motos\" \/>\n<meta property=\"article:publisher\" content=\"https:\/\/www.facebook.com\/pueyrredonmotos.honda\" \/>\n<meta property=\"article:modified_time\" content=\"2025-08-01T15:37:30+00:00\" \/>\n<meta property=\"og:image\" content=\"https:\/\/pueyrredonmotos.com\/honda\/wp-content\/uploads\/2025\/06\/XR190L.png\" \/>\n\t<meta property=\"og:image:width\" content=\"720\" \/>\n\t<meta property=\"og:image:height\" content=\"720\" \/>\n\t<meta property=\"og:image:type\" content=\"image\/png\" \/>\n<meta name=\"twitter:card\" content=\"summary_large_image\" \/>\n<meta name=\"twitter:label1\" content=\"Tiempo de lectura\" \/>\n\t<meta name=\"twitter:data1\" content=\"4 minutos\" \/>\n<script type=\"application\/ld+json\" class=\"yoast-schema-graph\">{\"@context\":\"https:\\\/\\\/schema.org\",\"@graph\":[{\"@type\":\"WebPage\",\"@id\":\"https:\\\/\\\/pueyrredonmotos.com\\\/honda\\\/producto\\\/honda-xr190l\\\/\",\"url\":\"https:\\\/\\\/pueyrredonmotos.com\\\/honda\\\/producto\\\/honda-xr190l\\\/\",\"name\":\"Honda XR190L - Pueyrred\u00f3n Motos\",\"isPartOf\":{\"@id\":\"https:\\\/\\\/pueyrredonmotos.com\\\/honda\\\/#website\"},\"primaryImageOfPage\":{\"@id\":\"https:\\\/\\\/pueyrredonmotos.com\\\/honda\\\/producto\\\/honda-xr190l\\\/#primaryimage\"},\"image\":{\"@id\":\"https:\\\/\\\/pueyrredonmotos.com\\\/honda\\\/producto\\\/honda-xr190l\\\/#primaryimage\"},\"thumbnailUrl\":\"https:\\\/\\\/pueyrredonmotos.com\\\/honda\\\/wp-content\\\/uploads\\\/2025\\\/06\\\/XR190L.png\",\"datePublished\":\"2025-06-18T17:34:21+00:00\",\"dateModified\":\"2025-08-01T15:37:30+00:00\",\"breadcrumb\":{\"@id\":\"https:\\\/\\\/pueyrredonmotos.com\\\/honda\\\/producto\\\/honda-xr190l\\\/#breadcrumb\"},\"inLanguage\":\"es\",\"potentialAction\":[{\"@type\":\"ReadAction\",\"target\":[\"https:\\\/\\\/pueyrredonmotos.com\\\/honda\\\/producto\\\/honda-xr190l\\\/\"]}]},{\"@type\":\"ImageObject\",\"inLanguage\":\"es\",\"@id\":\"https:\\\/\\\/pueyrredonmotos.com\\\/honda\\\/producto\\\/honda-xr190l\\\/#primaryimage\",\"url\":\"https:\\\/\\\/pueyrredonmotos.com\\\/honda\\\/wp-content\\\/uploads\\\/2025\\\/06\\\/XR190L.png\",\"contentUrl\":\"https:\\\/\\\/pueyrredonmotos.com\\\/honda\\\/wp-content\\\/uploads\\\/2025\\\/06\\\/XR190L.png\",\"width\":720,\"height\":720},{\"@type\":\"BreadcrumbList\",\"@id\":\"https:\\\/\\\/pueyrredonmotos.com\\\/honda\\\/producto\\\/honda-xr190l\\\/#breadcrumb\",\"itemListElement\":[{\"@type\":\"ListItem\",\"position\":1,\"name\":\"Home\",\"item\":\"https:\\\/\\\/pueyrredonmotos.com\\\/honda\\\/\"},{\"@type\":\"ListItem\",\"position\":2,\"name\":\"Cat\u00e1logo\",\"item\":\"https:\\\/\\\/pueyrredonmotos.com\\\/honda\\\/catalogo\\\/\"},{\"@type\":\"ListItem\",\"position\":3,\"name\":\"Honda XR190L\"}]},{\"@type\":\"WebSite\",\"@id\":\"https:\\\/\\\/pueyrredonmotos.com\\\/honda\\\/#website\",\"url\":\"https:\\\/\\\/pueyrredonmotos.com\\\/honda\\\/\",\"name\":\"Pueyrred\u00f3n Motos\",\"description\":\"Concesionario Oficial Honda\",\"publisher\":{\"@id\":\"https:\\\/\\\/pueyrredonmotos.com\\\/honda\\\/#organization\"},\"potentialAction\":[{\"@type\":\"SearchAction\",\"target\":{\"@type\":\"EntryPoint\",\"urlTemplate\":\"https:\\\/\\\/pueyrredonmotos.com\\\/honda\\\/?s={search_term_string}\"},\"query-input\":{\"@type\":\"PropertyValueSpecification\",\"valueRequired\":true,\"valueName\":\"search_term_string\"}}],\"inLanguage\":\"es\"},{\"@type\":\"Organization\",\"@id\":\"https:\\\/\\\/pueyrredonmotos.com\\\/honda\\\/#organization\",\"name\":\"Pueyrred\u00f3n Motos\",\"url\":\"https:\\\/\\\/pueyrredonmotos.com\\\/honda\\\/\",\"logo\":{\"@type\":\"ImageObject\",\"inLanguage\":\"es\",\"@id\":\"https:\\\/\\\/pueyrredonmotos.com\\\/honda\\\/#\\\/schema\\\/logo\\\/image\\\/\",\"url\":\"https:\\\/\\\/pueyrredonmotos.com\\\/honda\\\/wp-content\\\/uploads\\\/2023\\\/09\\\/logo-180-66.png\",\"contentUrl\":\"https:\\\/\\\/pueyrredonmotos.com\\\/honda\\\/wp-content\\\/uploads\\\/2023\\\/09\\\/logo-180-66.png\",\"width\":180,\"height\":66,\"caption\":\"Pueyrred\u00f3n Motos\"},\"image\":{\"@id\":\"https:\\\/\\\/pueyrredonmotos.com\\\/honda\\\/#\\\/schema\\\/logo\\\/image\\\/\"},\"sameAs\":[\"https:\\\/\\\/www.facebook.com\\\/pueyrredonmotos.honda\",\"https:\\\/\\\/www.instagram.com\\\/pueyrredonmotos.honda\\\/\"]}]}<\/script>\n<!-- \/ Yoast SEO Premium plugin. -->","yoast_head_json":{"title":"Honda XR190L - Pueyrred\u00f3n Motos","robots":{"index":"index","follow":"follow","max-snippet":"max-snippet:-1","max-image-preview":"max-image-preview:large","max-video-preview":"max-video-preview:-1"},"canonical":"https:\/\/pueyrredonmotos.com\/honda\/producto\/honda-xr190l\/","og_locale":"es_ES","og_type":"article","og_title":"Honda XR190L","og_description":"Explor\u00e1 sin l\u00edmites con la Honda XR190L, una dual sport con ADN todo terreno. Su nuevo dise\u00f1o, inspirado en la XR300L, combina agilidad, resistencia y estilo moderno. El motor de 190cc con inyecci\u00f3n electr\u00f3nica PGM-FI ofrece eficiencia y respuesta en cualquier superficie, mientras que el ABS delantero y los frenos Nissin aseguran control en cada maniobra. Con iluminaci\u00f3n Full LED, tablero digital con tac\u00f3metro y puerto USB tipo C, la XR190L est\u00e1 lista para todo. Libertad, tecnolog\u00eda y aventura, todo en una sola moto.  &nbsp;","og_url":"https:\/\/pueyrredonmotos.com\/honda\/producto\/honda-xr190l\/","og_site_name":"Pueyrred\u00f3n Motos","article_publisher":"https:\/\/www.facebook.com\/pueyrredonmotos.honda","article_modified_time":"2025-08-01T15:37:30+00:00","og_image":[{"width":720,"height":720,"url":"https:\/\/pueyrredonmotos.com\/honda\/wp-content\/uploads\/2025\/06\/XR190L.png","type":"image\/png"}],"twitter_card":"summary_large_image","twitter_misc":{"Tiempo de lectura":"4 minutos"},"schema":{"@context":"https:\/\/schema.org","@graph":[{"@type":"WebPage","@id":"https:\/\/pueyrredonmotos.com\/honda\/producto\/honda-xr190l\/","url":"https:\/\/pueyrredonmotos.com\/honda\/producto\/honda-xr190l\/","name":"Honda XR190L - Pueyrred\u00f3n Motos","isPartOf":{"@id":"https:\/\/pueyrredonmotos.com\/honda\/#website"},"primaryImageOfPage":{"@id":"https:\/\/pueyrredonmotos.com\/honda\/producto\/honda-xr190l\/#primaryimage"},"image":{"@id":"https:\/\/pueyrredonmotos.com\/honda\/producto\/honda-xr190l\/#primaryimage"},"thumbnailUrl":"https:\/\/pueyrredonmotos.com\/honda\/wp-content\/uploads\/2025\/06\/XR190L.png","datePublished":"2025-06-18T17:34:21+00:00","dateModified":"2025-08-01T15:37:30+00:00","breadcrumb":{"@id":"https:\/\/pueyrredonmotos.com\/honda\/producto\/honda-xr190l\/#breadcrumb"},"inLanguage":"es","potentialAction":[{"@type":"ReadAction","target":["https:\/\/pueyrredonmotos.com\/honda\/producto\/honda-xr190l\/"]}]},{"@type":"ImageObject","inLanguage":"es","@id":"https:\/\/pueyrredonmotos.com\/honda\/producto\/honda-xr190l\/#primaryimage","url":"https:\/\/pueyrredonmotos.com\/honda\/wp-content\/uploads\/2025\/06\/XR190L.png","contentUrl":"https:\/\/pueyrredonmotos.com\/honda\/wp-content\/uploads\/2025\/06\/XR190L.png","width":720,"height":720},{"@type":"BreadcrumbList","@id":"https:\/\/pueyrredonmotos.com\/honda\/producto\/honda-xr190l\/#breadcrumb","itemListElement":[{"@type":"ListItem","position":1,"name":"Home","item":"https:\/\/pueyrredonmotos.com\/honda\/"},{"@type":"ListItem","position":2,"name":"Cat\u00e1logo","item":"https:\/\/pueyrredonmotos.com\/honda\/catalogo\/"},{"@type":"ListItem","position":3,"name":"Honda XR190L"}]},{"@type":"WebSite","@id":"https:\/\/pueyrredonmotos.com\/honda\/#website","url":"https:\/\/pueyrredonmotos.com\/honda\/","name":"Pueyrred\u00f3n Motos","description":"Concesionario Oficial Honda","publisher":{"@id":"https:\/\/pueyrredonmotos.com\/honda\/#organization"},"potentialAction":[{"@type":"SearchAction","target":{"@type":"EntryPoint","urlTemplate":"https:\/\/pueyrredonmotos.com\/honda\/?s={search_term_string}"},"query-input":{"@type":"PropertyValueSpecification","valueRequired":true,"valueName":"search_term_string"}}],"inLanguage":"es"},{"@type":"Organization","@id":"https:\/\/pueyrredonmotos.com\/honda\/#organization","name":"Pueyrred\u00f3n Motos","url":"https:\/\/pueyrredonmotos.com\/honda\/","logo":{"@type":"ImageObject","inLanguage":"es","@id":"https:\/\/pueyrredonmotos.com\/honda\/#\/schema\/logo\/image\/","url":"https:\/\/pueyrredonmotos.com\/honda\/wp-content\/uploads\/2023\/09\/logo-180-66.png","contentUrl":"https:\/\/pueyrredonmotos.com\/honda\/wp-content\/uploads\/2023\/09\/logo-180-66.png","width":180,"height":66,"caption":"Pueyrred\u00f3n Motos"},"image":{"@id":"https:\/\/pueyrredonmotos.com\/honda\/#\/schema\/logo\/image\/"},"sameAs":["https:\/\/www.facebook.com\/pueyrredonmotos.honda","https:\/\/www.instagram.com\/pueyrredonmotos.honda\/"]}]}},"_links":{"self":[{"href":"https:\/\/pueyrredonmotos.com\/honda\/wp-json\/wp\/v2\/product\/10659","targetHints":{"allow":["GET"]}}],"collection":[{"href":"https:\/\/pueyrredonmotos.com\/honda\/wp-json\/wp\/v2\/product"}],"about":[{"href":"https:\/\/pueyrredonmotos.com\/honda\/wp-json\/wp\/v2\/types\/product"}],"wp:featuredmedia":[{"embeddable":true,"href":"https:\/\/pueyrredonmotos.com\/honda\/wp-json\/wp\/v2\/media\/10668"}],"wp:attachment":[{"href":"https:\/\/pueyrredonmotos.com\/honda\/wp-json\/wp\/v2\/media?parent=10659"}],"wp:term":[{"taxonomy":"product_brand","embeddable":true,"href":"https:\/\/pueyrredonmotos.com\/honda\/wp-json\/wp\/v2\/product_brand?post=10659"},{"taxonomy":"product_cat","embeddable":true,"href":"https:\/\/pueyrredonmotos.com\/honda\/wp-json\/wp\/v2\/product_cat?post=10659"},{"taxonomy":"product_tag","embeddable":true,"href":"https:\/\/pueyrredonmotos.com\/honda\/wp-json\/wp\/v2\/product_tag?post=10659"}],"curies":[{"name":"wp","href":"https:\/\/api.w.org\/{rel}","templated":true}]}}