{"id":10586,"date":"2025-06-16T15:00:22","date_gmt":"2025-06-16T18:00:22","guid":{"rendered":"https:\/\/pueyrredonmotos.com\/honda\/?post_type=product&#038;p=10586"},"modified":"2025-06-16T15:00:23","modified_gmt":"2025-06-16T18:00:23","slug":"honda-crf-450rx","status":"publish","type":"product","link":"https:\/\/pueyrredonmotos.com\/honda\/producto\/honda-crf-450rx\/","title":{"rendered":"Honda CRF 450RX"},"content":{"rendered":"<p><a href=\"https:\/\/pueyrredonmotos.com\/honda\/wp-content\/uploads\/2025\/06\/Honda-crf450rx-banner.jpg\"><img loading=\"lazy\" decoding=\"async\" class=\"alignnone size-full wp-image-10587\" src=\"https:\/\/pueyrredonmotos.com\/honda\/wp-content\/uploads\/2025\/06\/Honda-crf450rx-banner.jpg\" alt=\"\" width=\"1400\" height=\"593\" srcset=\"https:\/\/pueyrredonmotos.com\/honda\/wp-content\/uploads\/2025\/06\/Honda-crf450rx-banner.jpg 1400w, https:\/\/pueyrredonmotos.com\/honda\/wp-content\/uploads\/2025\/06\/Honda-crf450rx-banner-300x127.jpg 300w, https:\/\/pueyrredonmotos.com\/honda\/wp-content\/uploads\/2025\/06\/Honda-crf450rx-banner-1024x434.jpg 1024w, https:\/\/pueyrredonmotos.com\/honda\/wp-content\/uploads\/2025\/06\/Honda-crf450rx-banner-768x325.jpg 768w, https:\/\/pueyrredonmotos.com\/honda\/wp-content\/uploads\/2025\/06\/Honda-crf450rx-banner-800x339.jpg 800w\" sizes=\"auto, (max-width: 1400px) 100vw, 1400px\" \/><\/a><\/p>\n<h3>DISE\u00d1O<\/h3>\n<p><a href=\"https:\/\/pueyrredonmotos.com\/honda\/wp-content\/uploads\/2025\/06\/Honda-crf450rx-diseno.jpg\"><img loading=\"lazy\" decoding=\"async\" class=\"alignnone size-full wp-image-10588\" src=\"https:\/\/pueyrredonmotos.com\/honda\/wp-content\/uploads\/2025\/06\/Honda-crf450rx-diseno.jpg\" alt=\"\" width=\"1010\" height=\"401\" srcset=\"https:\/\/pueyrredonmotos.com\/honda\/wp-content\/uploads\/2025\/06\/Honda-crf450rx-diseno.jpg 1010w, https:\/\/pueyrredonmotos.com\/honda\/wp-content\/uploads\/2025\/06\/Honda-crf450rx-diseno-300x119.jpg 300w, https:\/\/pueyrredonmotos.com\/honda\/wp-content\/uploads\/2025\/06\/Honda-crf450rx-diseno-768x305.jpg 768w, https:\/\/pueyrredonmotos.com\/honda\/wp-content\/uploads\/2025\/06\/Honda-crf450rx-diseno-800x318.jpg 800w\" sizes=\"auto, (max-width: 1010px) 100vw, 1010px\" \/><\/a><\/p>\n<p><b>Descargar <\/b> <a href=\"https:\/\/motos.honda.com.ar\/uploads\/modelos\/68\/fichas_tecnicas\/68c-0ft-crf450rx-1.pdf\" target=\"_blank\" rel=\"noopener\">Ficha T\u00e9cnica<\/a><\/p>\n<p><strong>UNA CRF QUE LO PUEDE TODO<\/strong><br \/>\nTodos los detalles distintivos de una versi\u00f3n RX se combinan con un motor preparado para todo: la nueva CRF 450RX combina lo incre\u00edble con lo imparable.<\/p>\n<h3>MOTOR Y TRANSMISI\u00d3N<\/h3>\n<p><a href=\"https:\/\/pueyrredonmotos.com\/honda\/wp-content\/uploads\/2025\/06\/Honda-crf450-motor.jpg\"><img loading=\"lazy\" decoding=\"async\" class=\"alignnone size-full wp-image-10589\" src=\"https:\/\/pueyrredonmotos.com\/honda\/wp-content\/uploads\/2025\/06\/Honda-crf450-motor.jpg\" alt=\"\" width=\"1010\" height=\"401\" srcset=\"https:\/\/pueyrredonmotos.com\/honda\/wp-content\/uploads\/2025\/06\/Honda-crf450-motor.jpg 1010w, https:\/\/pueyrredonmotos.com\/honda\/wp-content\/uploads\/2025\/06\/Honda-crf450-motor-300x119.jpg 300w, https:\/\/pueyrredonmotos.com\/honda\/wp-content\/uploads\/2025\/06\/Honda-crf450-motor-768x305.jpg 768w, https:\/\/pueyrredonmotos.com\/honda\/wp-content\/uploads\/2025\/06\/Honda-crf450-motor-800x318.jpg 800w\" sizes=\"auto, (max-width: 1010px) 100vw, 1010px\" \/><\/a><\/p>\n<p><strong>RENDIMIENTO EXCEPCIONAL<\/strong><br \/>\nEl motor Unicam\u00ae de 449cc tiene una extraordinaria relaci\u00f3n de compresi\u00f3n (13.5:1), lo que se traduce en una performance inigualable en enduro. El embrague hidr\u00e1ulico ofrece un tacto m\u00e1s suave, ideal para mejorar la precisi\u00f3n en el manejo. Los carenados alrededor del radiador fueron redise\u00f1ados para optimizar la refrigeraci\u00f3n y el rendimiento.<\/p>\n<h3>PERFORMANCE<\/h3>\n<p><a href=\"https:\/\/pueyrredonmotos.com\/honda\/wp-content\/uploads\/2025\/06\/Honda-crf450-performance-ajustes-estructurales.jpg\"><img loading=\"lazy\" decoding=\"async\" class=\"alignnone size-full wp-image-10590\" src=\"https:\/\/pueyrredonmotos.com\/honda\/wp-content\/uploads\/2025\/06\/Honda-crf450-performance-ajustes-estructurales.jpg\" alt=\"\" width=\"1010\" height=\"401\" srcset=\"https:\/\/pueyrredonmotos.com\/honda\/wp-content\/uploads\/2025\/06\/Honda-crf450-performance-ajustes-estructurales.jpg 1010w, https:\/\/pueyrredonmotos.com\/honda\/wp-content\/uploads\/2025\/06\/Honda-crf450-performance-ajustes-estructurales-300x119.jpg 300w, https:\/\/pueyrredonmotos.com\/honda\/wp-content\/uploads\/2025\/06\/Honda-crf450-performance-ajustes-estructurales-768x305.jpg 768w, https:\/\/pueyrredonmotos.com\/honda\/wp-content\/uploads\/2025\/06\/Honda-crf450-performance-ajustes-estructurales-800x318.jpg 800w\" sizes=\"auto, (max-width: 1010px) 100vw, 1010px\" \/><\/a><\/p>\n<p><strong>AJUSTES ESTRUCTURALES<\/strong><br \/>\nEl chasis fue dise\u00f1ado para ser delgado y liviano, y para responder mejor en el manejo exigente. Aproximadamente el 70% de los componentes del chasis son nuevos, lo que mejora la compatibilidad del cuadro con la direcci\u00f3n y la suspensi\u00f3n, tambi\u00e9n revisadas.<\/p>\n<p><a href=\"https:\/\/pueyrredonmotos.com\/honda\/wp-content\/uploads\/2025\/06\/Honda-crf450-performance-ergonomia.jpg\"><img loading=\"lazy\" decoding=\"async\" class=\"alignnone size-full wp-image-10591\" src=\"https:\/\/pueyrredonmotos.com\/honda\/wp-content\/uploads\/2025\/06\/Honda-crf450-performance-ergonomia.jpg\" alt=\"\" width=\"1010\" height=\"401\" srcset=\"https:\/\/pueyrredonmotos.com\/honda\/wp-content\/uploads\/2025\/06\/Honda-crf450-performance-ergonomia.jpg 1010w, https:\/\/pueyrredonmotos.com\/honda\/wp-content\/uploads\/2025\/06\/Honda-crf450-performance-ergonomia-300x119.jpg 300w, https:\/\/pueyrredonmotos.com\/honda\/wp-content\/uploads\/2025\/06\/Honda-crf450-performance-ergonomia-768x305.jpg 768w, https:\/\/pueyrredonmotos.com\/honda\/wp-content\/uploads\/2025\/06\/Honda-crf450-performance-ergonomia-800x318.jpg 800w\" sizes=\"auto, (max-width: 1010px) 100vw, 1010px\" \/><\/a><\/p>\n<p><strong>ERGONOM\u00cdA<\/strong><br \/>\nLa altura del asiento y la delgadez de la carrocer\u00eda fueron ajustadas precisamente para que al piloto le sea f\u00e1cil moverse sobre la moto, mejorando considerablemente el confort.<\/p>\n<p><a href=\"https:\/\/pueyrredonmotos.com\/honda\/wp-content\/uploads\/2025\/06\/Honda-crf450-performance-cubrepunos.jpg\"><img loading=\"lazy\" decoding=\"async\" class=\"alignnone size-full wp-image-10592\" src=\"https:\/\/pueyrredonmotos.com\/honda\/wp-content\/uploads\/2025\/06\/Honda-crf450-performance-cubrepunos.jpg\" alt=\"\" width=\"1010\" height=\"401\" srcset=\"https:\/\/pueyrredonmotos.com\/honda\/wp-content\/uploads\/2025\/06\/Honda-crf450-performance-cubrepunos.jpg 1010w, https:\/\/pueyrredonmotos.com\/honda\/wp-content\/uploads\/2025\/06\/Honda-crf450-performance-cubrepunos-300x119.jpg 300w, https:\/\/pueyrredonmotos.com\/honda\/wp-content\/uploads\/2025\/06\/Honda-crf450-performance-cubrepunos-768x305.jpg 768w, https:\/\/pueyrredonmotos.com\/honda\/wp-content\/uploads\/2025\/06\/Honda-crf450-performance-cubrepunos-800x318.jpg 800w\" sizes=\"auto, (max-width: 1010px) 100vw, 1010px\" \/><\/a><\/p>\n<p><strong>CUBREPU\u00d1OS DE SERIE<\/strong><br \/>\nLos cubrepu\u00f1os, pintados del mismo color que el resto del conjunto, vienen equipados de serie, protegen tanto los pu\u00f1os del piloto como los comandos del manillar, e incluso est\u00e1n ventilados para un confort superior.<\/p>\n<h3>TECNOLOG\u00cdA<\/h3>\n<p><a href=\"https:\/\/pueyrredonmotos.com\/honda\/wp-content\/uploads\/2025\/06\/Honda-crf450-tecnologia.jpg\"><img loading=\"lazy\" decoding=\"async\" class=\"alignnone size-full wp-image-10593\" src=\"https:\/\/pueyrredonmotos.com\/honda\/wp-content\/uploads\/2025\/06\/Honda-crf450-tecnologia.jpg\" alt=\"\" width=\"1010\" height=\"401\" srcset=\"https:\/\/pueyrredonmotos.com\/honda\/wp-content\/uploads\/2025\/06\/Honda-crf450-tecnologia.jpg 1010w, https:\/\/pueyrredonmotos.com\/honda\/wp-content\/uploads\/2025\/06\/Honda-crf450-tecnologia-300x119.jpg 300w, https:\/\/pueyrredonmotos.com\/honda\/wp-content\/uploads\/2025\/06\/Honda-crf450-tecnologia-768x305.jpg 768w, https:\/\/pueyrredonmotos.com\/honda\/wp-content\/uploads\/2025\/06\/Honda-crf450-tecnologia-800x318.jpg 800w\" sizes=\"auto, (max-width: 1010px) 100vw, 1010px\" \/><\/a><\/p>\n<p><strong>AL SERVICIO DEL RENDIMIENTO OFF-ROAD<\/strong><br \/>\nEn la nueva CRF 450RX, la tecnolog\u00eda est\u00e1 al servicio del rendimiento off-road. El HRC Launch Control ofrece diferentes modos de arranque antes del soltar el embrague por primera vez. El EMSB (Engine Mode Select Button) permite elegir entre potencia equilibrada y entrega de torque, rendimiento suave para barro resbaladizo o potencia m\u00e1xima para arena profunda. Y el HSTC (Honda Selectable Torque Control) tiene 3 diferentes ajustes para modificar el comportamiento de la moto a gusto del piloto.<\/p>\n<h3>SUSPENSI\u00d3N<\/h3>\n<p><a href=\"https:\/\/pueyrredonmotos.com\/honda\/wp-content\/uploads\/2025\/06\/Honda-crf450-suspension.jpg\"><img loading=\"lazy\" decoding=\"async\" class=\"alignnone size-full wp-image-10594\" src=\"https:\/\/pueyrredonmotos.com\/honda\/wp-content\/uploads\/2025\/06\/Honda-crf450-suspension.jpg\" alt=\"\" width=\"1010\" height=\"401\" srcset=\"https:\/\/pueyrredonmotos.com\/honda\/wp-content\/uploads\/2025\/06\/Honda-crf450-suspension.jpg 1010w, https:\/\/pueyrredonmotos.com\/honda\/wp-content\/uploads\/2025\/06\/Honda-crf450-suspension-300x119.jpg 300w, https:\/\/pueyrredonmotos.com\/honda\/wp-content\/uploads\/2025\/06\/Honda-crf450-suspension-768x305.jpg 768w, https:\/\/pueyrredonmotos.com\/honda\/wp-content\/uploads\/2025\/06\/Honda-crf450-suspension-800x318.jpg 800w\" sizes=\"auto, (max-width: 1010px) 100vw, 1010px\" \/><\/a><\/p>\n<p><a href=\"https:\/\/pueyrredonmotos.com\/honda\/wp-content\/uploads\/2025\/06\/Honda-crf450-suspension.2.jpg\"><img loading=\"lazy\" decoding=\"async\" class=\"alignnone size-full wp-image-10595\" src=\"https:\/\/pueyrredonmotos.com\/honda\/wp-content\/uploads\/2025\/06\/Honda-crf450-suspension.2.jpg\" alt=\"\" width=\"1010\" height=\"401\" srcset=\"https:\/\/pueyrredonmotos.com\/honda\/wp-content\/uploads\/2025\/06\/Honda-crf450-suspension.2.jpg 1010w, https:\/\/pueyrredonmotos.com\/honda\/wp-content\/uploads\/2025\/06\/Honda-crf450-suspension.2-300x119.jpg 300w, https:\/\/pueyrredonmotos.com\/honda\/wp-content\/uploads\/2025\/06\/Honda-crf450-suspension.2-768x305.jpg 768w, https:\/\/pueyrredonmotos.com\/honda\/wp-content\/uploads\/2025\/06\/Honda-crf450-suspension.2-800x318.jpg 800w\" sizes=\"auto, (max-width: 1010px) 100vw, 1010px\" \/><\/a><\/p>\n<p><strong>SUSPENSI\u00d3N SHOWA<\/strong><br \/>\nLa suspensi\u00f3n ajustable Showa se compone de una horquilla delantera invertida de 310mm de recorrido y de un monoshock trasero Pro-Link\u00ae de 308mm de recorrido. Ambas suspensiones recibieron ajustes para trabajar mejor en conjunto con el nuevo chasis.<\/p>\n<h3>FRENOS<\/h3>\n<p><a href=\"https:\/\/pueyrredonmotos.com\/honda\/wp-content\/uploads\/2025\/06\/Honda-crf450-frenos.2.jpg\"><img loading=\"lazy\" decoding=\"async\" class=\"alignnone size-full wp-image-10596\" src=\"https:\/\/pueyrredonmotos.com\/honda\/wp-content\/uploads\/2025\/06\/Honda-crf450-frenos.2.jpg\" alt=\"\" width=\"1010\" height=\"401\" srcset=\"https:\/\/pueyrredonmotos.com\/honda\/wp-content\/uploads\/2025\/06\/Honda-crf450-frenos.2.jpg 1010w, https:\/\/pueyrredonmotos.com\/honda\/wp-content\/uploads\/2025\/06\/Honda-crf450-frenos.2-300x119.jpg 300w, https:\/\/pueyrredonmotos.com\/honda\/wp-content\/uploads\/2025\/06\/Honda-crf450-frenos.2-768x305.jpg 768w, https:\/\/pueyrredonmotos.com\/honda\/wp-content\/uploads\/2025\/06\/Honda-crf450-frenos.2-800x318.jpg 800w\" sizes=\"auto, (max-width: 1010px) 100vw, 1010px\" \/><\/a> <a href=\"https:\/\/pueyrredonmotos.com\/honda\/wp-content\/uploads\/2025\/06\/Honda-crf450-frenos.jpg\"><img loading=\"lazy\" decoding=\"async\" class=\"alignnone size-full wp-image-10597\" src=\"https:\/\/pueyrredonmotos.com\/honda\/wp-content\/uploads\/2025\/06\/Honda-crf450-frenos.jpg\" alt=\"\" width=\"1010\" height=\"401\" srcset=\"https:\/\/pueyrredonmotos.com\/honda\/wp-content\/uploads\/2025\/06\/Honda-crf450-frenos.jpg 1010w, https:\/\/pueyrredonmotos.com\/honda\/wp-content\/uploads\/2025\/06\/Honda-crf450-frenos-300x119.jpg 300w, https:\/\/pueyrredonmotos.com\/honda\/wp-content\/uploads\/2025\/06\/Honda-crf450-frenos-768x305.jpg 768w, https:\/\/pueyrredonmotos.com\/honda\/wp-content\/uploads\/2025\/06\/Honda-crf450-frenos-800x318.jpg 800w\" sizes=\"auto, (max-width: 1010px) 100vw, 1010px\" \/><\/a><\/p>\n<p><strong>FRENOS NISSIN<\/strong><br \/>\nLos frenos (disco de 260mm adelante, disco de 240mm atr\u00e1s) incluyen cubrediscos de serie y est\u00e1n accionados por pinzas Nissin.<\/p>\n<!-- Popup open button -->\r\n<div class=\"wws-popup__open-btn wws--bg-color wws--text-color wws-shadow\">\r\n<span> Consultas por Whatsapp<\/span>\r\n<\/div>\r\n<p>&nbsp;<\/p>\r\n<p>&nbsp;<\/p>\r\n\n<p>&nbsp;<\/p>\n","protected":false},"excerpt":{"rendered":"<p>Desde su estilizado chasis redise\u00f1ado para m\u00e1xima maniobrabilidad, hasta la carrocer\u00eda delgada que permite al piloto moverse con libertad total, la nueva <strong>CRF450RX<\/strong> est\u00e1 hecha para rendir al m\u00e1s alto nivel. Su dise\u00f1o agresivo y compacto, sumado a componentes de competici\u00f3n como los cubrepu\u00f1os ventilados y la suspensi\u00f3n Showa ajustable, reflejan su esencia 100% off-road. Con ADN del equipo HRC y tecnolog\u00eda como el HRC Launch Control, la CRF450RX combina potencia, control y precisi\u00f3n para dominar cualquier terreno de enduro.<\/p>\n","protected":false},"featured_media":10599,"template":"","meta":[],"product_brand":[],"product_cat":[15],"product_tag":[43],"class_list":{"0":"post-10586","1":"product","2":"type-product","3":"status-publish","4":"has-post-thumbnail","6":"product_cat-motos-0km","7":"product_tag-off-road","8":"pa_marca-honda","9":"pa_modelo-crf-450rx","11":"first","12":"instock","13":"shipping-taxable","14":"purchasable","15":"product-type-simple"},"yoast_head":"<!-- This site is optimized with the Yoast SEO Premium plugin v21.2 (Yoast SEO v27.3) - https:\/\/yoast.com\/product\/yoast-seo-premium-wordpress\/ -->\n<title>Honda CRF 450RX - Pueyrred\u00f3n Motos<\/title>\n<meta name=\"robots\" content=\"index, follow, max-snippet:-1, max-image-preview:large, max-video-preview:-1\" \/>\n<link rel=\"canonical\" href=\"https:\/\/pueyrredonmotos.com\/honda\/producto\/honda-crf-450rx\/\" \/>\n<meta property=\"og:locale\" content=\"es_ES\" \/>\n<meta property=\"og:type\" content=\"article\" \/>\n<meta property=\"og:title\" content=\"Honda CRF 450RX\" \/>\n<meta property=\"og:description\" content=\"Desde su estilizado chasis redise\u00f1ado para m\u00e1xima maniobrabilidad, hasta la carrocer\u00eda delgada que permite al piloto moverse con libertad total, la nueva CRF450RX est\u00e1 hecha para rendir al m\u00e1s alto nivel. Su dise\u00f1o agresivo y compacto, sumado a componentes de competici\u00f3n como los cubrepu\u00f1os ventilados y la suspensi\u00f3n Showa ajustable, reflejan su esencia 100% off-road. Con ADN del equipo HRC y tecnolog\u00eda como el HRC Launch Control, la CRF450RX combina potencia, control y precisi\u00f3n para dominar cualquier terreno de enduro.\" \/>\n<meta property=\"og:url\" content=\"https:\/\/pueyrredonmotos.com\/honda\/producto\/honda-crf-450rx\/\" \/>\n<meta property=\"og:site_name\" content=\"Pueyrred\u00f3n Motos\" \/>\n<meta property=\"article:publisher\" content=\"https:\/\/www.facebook.com\/pueyrredonmotos.honda\" \/>\n<meta property=\"article:modified_time\" content=\"2025-06-16T18:00:23+00:00\" \/>\n<meta property=\"og:image\" content=\"https:\/\/pueyrredonmotos.com\/honda\/wp-content\/uploads\/2025\/06\/CRF450R-1.jpg\" \/>\n\t<meta property=\"og:image:width\" content=\"752\" \/>\n\t<meta property=\"og:image:height\" content=\"752\" \/>\n\t<meta property=\"og:image:type\" content=\"image\/jpeg\" \/>\n<meta name=\"twitter:card\" content=\"summary_large_image\" \/>\n<meta name=\"twitter:label1\" content=\"Tiempo de lectura\" \/>\n\t<meta name=\"twitter:data1\" content=\"5 minutos\" \/>\n<script type=\"application\/ld+json\" class=\"yoast-schema-graph\">{\"@context\":\"https:\\\/\\\/schema.org\",\"@graph\":[{\"@type\":\"WebPage\",\"@id\":\"https:\\\/\\\/pueyrredonmotos.com\\\/honda\\\/producto\\\/honda-crf-450rx\\\/\",\"url\":\"https:\\\/\\\/pueyrredonmotos.com\\\/honda\\\/producto\\\/honda-crf-450rx\\\/\",\"name\":\"Honda CRF 450RX - Pueyrred\u00f3n Motos\",\"isPartOf\":{\"@id\":\"https:\\\/\\\/pueyrredonmotos.com\\\/honda\\\/#website\"},\"primaryImageOfPage\":{\"@id\":\"https:\\\/\\\/pueyrredonmotos.com\\\/honda\\\/producto\\\/honda-crf-450rx\\\/#primaryimage\"},\"image\":{\"@id\":\"https:\\\/\\\/pueyrredonmotos.com\\\/honda\\\/producto\\\/honda-crf-450rx\\\/#primaryimage\"},\"thumbnailUrl\":\"https:\\\/\\\/pueyrredonmotos.com\\\/honda\\\/wp-content\\\/uploads\\\/2025\\\/06\\\/CRF450R-1.jpg\",\"datePublished\":\"2025-06-16T18:00:22+00:00\",\"dateModified\":\"2025-06-16T18:00:23+00:00\",\"breadcrumb\":{\"@id\":\"https:\\\/\\\/pueyrredonmotos.com\\\/honda\\\/producto\\\/honda-crf-450rx\\\/#breadcrumb\"},\"inLanguage\":\"es\",\"potentialAction\":[{\"@type\":\"ReadAction\",\"target\":[\"https:\\\/\\\/pueyrredonmotos.com\\\/honda\\\/producto\\\/honda-crf-450rx\\\/\"]}]},{\"@type\":\"ImageObject\",\"inLanguage\":\"es\",\"@id\":\"https:\\\/\\\/pueyrredonmotos.com\\\/honda\\\/producto\\\/honda-crf-450rx\\\/#primaryimage\",\"url\":\"https:\\\/\\\/pueyrredonmotos.com\\\/honda\\\/wp-content\\\/uploads\\\/2025\\\/06\\\/CRF450R-1.jpg\",\"contentUrl\":\"https:\\\/\\\/pueyrredonmotos.com\\\/honda\\\/wp-content\\\/uploads\\\/2025\\\/06\\\/CRF450R-1.jpg\",\"width\":752,\"height\":752},{\"@type\":\"BreadcrumbList\",\"@id\":\"https:\\\/\\\/pueyrredonmotos.com\\\/honda\\\/producto\\\/honda-crf-450rx\\\/#breadcrumb\",\"itemListElement\":[{\"@type\":\"ListItem\",\"position\":1,\"name\":\"Home\",\"item\":\"https:\\\/\\\/pueyrredonmotos.com\\\/honda\\\/\"},{\"@type\":\"ListItem\",\"position\":2,\"name\":\"Cat\u00e1logo\",\"item\":\"https:\\\/\\\/pueyrredonmotos.com\\\/honda\\\/catalogo\\\/\"},{\"@type\":\"ListItem\",\"position\":3,\"name\":\"Honda CRF 450RX\"}]},{\"@type\":\"WebSite\",\"@id\":\"https:\\\/\\\/pueyrredonmotos.com\\\/honda\\\/#website\",\"url\":\"https:\\\/\\\/pueyrredonmotos.com\\\/honda\\\/\",\"name\":\"Pueyrred\u00f3n Motos\",\"description\":\"Concesionario Oficial Honda\",\"publisher\":{\"@id\":\"https:\\\/\\\/pueyrredonmotos.com\\\/honda\\\/#organization\"},\"potentialAction\":[{\"@type\":\"SearchAction\",\"target\":{\"@type\":\"EntryPoint\",\"urlTemplate\":\"https:\\\/\\\/pueyrredonmotos.com\\\/honda\\\/?s={search_term_string}\"},\"query-input\":{\"@type\":\"PropertyValueSpecification\",\"valueRequired\":true,\"valueName\":\"search_term_string\"}}],\"inLanguage\":\"es\"},{\"@type\":\"Organization\",\"@id\":\"https:\\\/\\\/pueyrredonmotos.com\\\/honda\\\/#organization\",\"name\":\"Pueyrred\u00f3n Motos\",\"url\":\"https:\\\/\\\/pueyrredonmotos.com\\\/honda\\\/\",\"logo\":{\"@type\":\"ImageObject\",\"inLanguage\":\"es\",\"@id\":\"https:\\\/\\\/pueyrredonmotos.com\\\/honda\\\/#\\\/schema\\\/logo\\\/image\\\/\",\"url\":\"https:\\\/\\\/pueyrredonmotos.com\\\/honda\\\/wp-content\\\/uploads\\\/2023\\\/09\\\/logo-180-66.png\",\"contentUrl\":\"https:\\\/\\\/pueyrredonmotos.com\\\/honda\\\/wp-content\\\/uploads\\\/2023\\\/09\\\/logo-180-66.png\",\"width\":180,\"height\":66,\"caption\":\"Pueyrred\u00f3n Motos\"},\"image\":{\"@id\":\"https:\\\/\\\/pueyrredonmotos.com\\\/honda\\\/#\\\/schema\\\/logo\\\/image\\\/\"},\"sameAs\":[\"https:\\\/\\\/www.facebook.com\\\/pueyrredonmotos.honda\",\"https:\\\/\\\/www.instagram.com\\\/pueyrredonmotos.honda\\\/\"]}]}<\/script>\n<!-- \/ Yoast SEO Premium plugin. -->","yoast_head_json":{"title":"Honda CRF 450RX - Pueyrred\u00f3n Motos","robots":{"index":"index","follow":"follow","max-snippet":"max-snippet:-1","max-image-preview":"max-image-preview:large","max-video-preview":"max-video-preview:-1"},"canonical":"https:\/\/pueyrredonmotos.com\/honda\/producto\/honda-crf-450rx\/","og_locale":"es_ES","og_type":"article","og_title":"Honda CRF 450RX","og_description":"Desde su estilizado chasis redise\u00f1ado para m\u00e1xima maniobrabilidad, hasta la carrocer\u00eda delgada que permite al piloto moverse con libertad total, la nueva CRF450RX est\u00e1 hecha para rendir al m\u00e1s alto nivel. Su dise\u00f1o agresivo y compacto, sumado a componentes de competici\u00f3n como los cubrepu\u00f1os ventilados y la suspensi\u00f3n Showa ajustable, reflejan su esencia 100% off-road. Con ADN del equipo HRC y tecnolog\u00eda como el HRC Launch Control, la CRF450RX combina potencia, control y precisi\u00f3n para dominar cualquier terreno de enduro.","og_url":"https:\/\/pueyrredonmotos.com\/honda\/producto\/honda-crf-450rx\/","og_site_name":"Pueyrred\u00f3n Motos","article_publisher":"https:\/\/www.facebook.com\/pueyrredonmotos.honda","article_modified_time":"2025-06-16T18:00:23+00:00","og_image":[{"width":752,"height":752,"url":"https:\/\/pueyrredonmotos.com\/honda\/wp-content\/uploads\/2025\/06\/CRF450R-1.jpg","type":"image\/jpeg"}],"twitter_card":"summary_large_image","twitter_misc":{"Tiempo de lectura":"5 minutos"},"schema":{"@context":"https:\/\/schema.org","@graph":[{"@type":"WebPage","@id":"https:\/\/pueyrredonmotos.com\/honda\/producto\/honda-crf-450rx\/","url":"https:\/\/pueyrredonmotos.com\/honda\/producto\/honda-crf-450rx\/","name":"Honda CRF 450RX - Pueyrred\u00f3n Motos","isPartOf":{"@id":"https:\/\/pueyrredonmotos.com\/honda\/#website"},"primaryImageOfPage":{"@id":"https:\/\/pueyrredonmotos.com\/honda\/producto\/honda-crf-450rx\/#primaryimage"},"image":{"@id":"https:\/\/pueyrredonmotos.com\/honda\/producto\/honda-crf-450rx\/#primaryimage"},"thumbnailUrl":"https:\/\/pueyrredonmotos.com\/honda\/wp-content\/uploads\/2025\/06\/CRF450R-1.jpg","datePublished":"2025-06-16T18:00:22+00:00","dateModified":"2025-06-16T18:00:23+00:00","breadcrumb":{"@id":"https:\/\/pueyrredonmotos.com\/honda\/producto\/honda-crf-450rx\/#breadcrumb"},"inLanguage":"es","potentialAction":[{"@type":"ReadAction","target":["https:\/\/pueyrredonmotos.com\/honda\/producto\/honda-crf-450rx\/"]}]},{"@type":"ImageObject","inLanguage":"es","@id":"https:\/\/pueyrredonmotos.com\/honda\/producto\/honda-crf-450rx\/#primaryimage","url":"https:\/\/pueyrredonmotos.com\/honda\/wp-content\/uploads\/2025\/06\/CRF450R-1.jpg","contentUrl":"https:\/\/pueyrredonmotos.com\/honda\/wp-content\/uploads\/2025\/06\/CRF450R-1.jpg","width":752,"height":752},{"@type":"BreadcrumbList","@id":"https:\/\/pueyrredonmotos.com\/honda\/producto\/honda-crf-450rx\/#breadcrumb","itemListElement":[{"@type":"ListItem","position":1,"name":"Home","item":"https:\/\/pueyrredonmotos.com\/honda\/"},{"@type":"ListItem","position":2,"name":"Cat\u00e1logo","item":"https:\/\/pueyrredonmotos.com\/honda\/catalogo\/"},{"@type":"ListItem","position":3,"name":"Honda CRF 450RX"}]},{"@type":"WebSite","@id":"https:\/\/pueyrredonmotos.com\/honda\/#website","url":"https:\/\/pueyrredonmotos.com\/honda\/","name":"Pueyrred\u00f3n Motos","description":"Concesionario Oficial Honda","publisher":{"@id":"https:\/\/pueyrredonmotos.com\/honda\/#organization"},"potentialAction":[{"@type":"SearchAction","target":{"@type":"EntryPoint","urlTemplate":"https:\/\/pueyrredonmotos.com\/honda\/?s={search_term_string}"},"query-input":{"@type":"PropertyValueSpecification","valueRequired":true,"valueName":"search_term_string"}}],"inLanguage":"es"},{"@type":"Organization","@id":"https:\/\/pueyrredonmotos.com\/honda\/#organization","name":"Pueyrred\u00f3n Motos","url":"https:\/\/pueyrredonmotos.com\/honda\/","logo":{"@type":"ImageObject","inLanguage":"es","@id":"https:\/\/pueyrredonmotos.com\/honda\/#\/schema\/logo\/image\/","url":"https:\/\/pueyrredonmotos.com\/honda\/wp-content\/uploads\/2023\/09\/logo-180-66.png","contentUrl":"https:\/\/pueyrredonmotos.com\/honda\/wp-content\/uploads\/2023\/09\/logo-180-66.png","width":180,"height":66,"caption":"Pueyrred\u00f3n Motos"},"image":{"@id":"https:\/\/pueyrredonmotos.com\/honda\/#\/schema\/logo\/image\/"},"sameAs":["https:\/\/www.facebook.com\/pueyrredonmotos.honda","https:\/\/www.instagram.com\/pueyrredonmotos.honda\/"]}]}},"_links":{"self":[{"href":"https:\/\/pueyrredonmotos.com\/honda\/wp-json\/wp\/v2\/product\/10586","targetHints":{"allow":["GET"]}}],"collection":[{"href":"https:\/\/pueyrredonmotos.com\/honda\/wp-json\/wp\/v2\/product"}],"about":[{"href":"https:\/\/pueyrredonmotos.com\/honda\/wp-json\/wp\/v2\/types\/product"}],"wp:featuredmedia":[{"embeddable":true,"href":"https:\/\/pueyrredonmotos.com\/honda\/wp-json\/wp\/v2\/media\/10599"}],"wp:attachment":[{"href":"https:\/\/pueyrredonmotos.com\/honda\/wp-json\/wp\/v2\/media?parent=10586"}],"wp:term":[{"taxonomy":"product_brand","embeddable":true,"href":"https:\/\/pueyrredonmotos.com\/honda\/wp-json\/wp\/v2\/product_brand?post=10586"},{"taxonomy":"product_cat","embeddable":true,"href":"https:\/\/pueyrredonmotos.com\/honda\/wp-json\/wp\/v2\/product_cat?post=10586"},{"taxonomy":"product_tag","embeddable":true,"href":"https:\/\/pueyrredonmotos.com\/honda\/wp-json\/wp\/v2\/product_tag?post=10586"}],"curies":[{"name":"wp","href":"https:\/\/api.w.org\/{rel}","templated":true}]}}